{"id":15450,"date":"2025-02-26T09:09:18","date_gmt":"2025-02-26T09:09:18","guid":{"rendered":"https:\/libro\/incidents-a-la-vida-duna-esclava-jove\/"},"modified":"2025-02-26T09:09:18","modified_gmt":"2025-02-26T09:09:18","slug":"incidents-a-la-vida-duna-esclava-jove","status":"publish","type":"product","link":"https:\/\/www.laertes.es\/ca\/llibre\/incidents-a-la-vida-duna-esclava-jove\/","title":{"rendered":"Incidents a la vida d&#8217;una esclava jove"},"content":{"rendered":"<p>Harriet Jacobs, esclava nord-americana, va ser, des de l\u2019adolesc\u00e8ncia, objecte de l\u2019implacable assetjament sexual de l\u2019amo, fins que va fugir al Nord el 1842. Les perip\u00e8cies de l\u2019experi\u00e8ncia, algunes tan extraordin\u00e0ries que desafien la credulitat (d\u2019una veracitat, per\u00f2, certificada pels nombrosos estudis sobre la figura i l\u2019obra de Jacobs), mostren els horrors de la condici\u00f3 esclava agreujats per la condici\u00f3 femenina.<br \/>\nM\u00e9s enll\u00e0 del valor documental i testimonial, el llibre de Jacobs sobresurt (al costat de la Narraci\u00f3 de Frederick Douglass), entre els milers de mem\u00f2ries escrites per esclaus fugitius, com a obra mestra de la literatura americana. \u00c9s, d\u2019altra banda, l\u2019\u00fanica autobiografia d\u2019esclaus fugitius que aborda en primera persona i exposa de manera central i frontal els abusos sexuals que patien les dones esclaves, i reclama, per a totes les dones, la lliure disposici\u00f3 del cos. <\/p>\n","protected":false},"excerpt":{"rendered":"<p>Harriet Jacobs, esclava nord-americana, va ser, des de l\u2019adolesc\u00e8ncia, objecte de l\u2019implacable assetjament sexual de l\u2019amo, fins que va fugir al Nord el 1842. Les perip\u00e8cies de l\u2019experi\u00e8ncia, algunes tan extraordin\u00e0ries que desafien la credulitat (d\u2019una veracitat, per\u00f2, certificada pels nombrosos estudis sobre la figura i l\u2019obra de Jacobs), mostren els horrors de la condici\u00f3 esclava agreujats per la condici\u00f3 femenina.<br \/>\nM\u00e9s enll\u00e0 del valor documental i testimonial, el llibre de Jacobs sobresurt (al costat de la Narraci\u00f3 de Frederick Douglass), entre els milers de mem\u00f2ries escrites per esclaus fugitius, com a obra mestra de la literatura americana. \u00c9s, d\u2019altra banda, l\u2019\u00fanica autobiografia d\u2019esclaus fugitius que aborda en primera persona i exposa de manera central i frontal els abusos sexuals que patien les dones esclaves, i reclama, per a totes les dones, la lliure disposici\u00f3 del cos. <\/p>\n","protected":false},"featured_media":15446,"template":"","meta":[],"product_brand":[],"product_cat":[342],"product_tag":[786,685],"autores":[2027],"formatos":[355],"materias":[360,372,885],"class_list":{"0":"post-15450","1":"product","2":"type-product","3":"status-publish","4":"has-post-thumbnail","6":"product_cat-punts-de-vista-ca","7":"product_tag-memories-ca","8":"product_tag-racisme","9":"autores-jacobs-harriet-ca","10":"formatos-llibre","11":"materias-biografias-ca","12":"materias-historia-ca","13":"materias-memorias-ca","15":"first","16":"instock","17":"taxable","18":"shipping-taxable","19":"purchasable","20":"product-type-simple"},"yoast_head":"<!-- This site is optimized with the Yoast SEO plugin v27.5 - https:\/\/yoast.com\/product\/yoast-seo-wordpress\/ -->\n<title>Incidents a la vida d&#039;una esclava jove | Laertes ediciones<\/title>\n<meta name=\"description\" content=\"M\u00e9s enll\u00e0 del valor documental i testimonial, el llibre de Jacobs sobresurt, entre els milers de mem\u00f2ries escrites per esclaus fugitius\" \/>\n<meta name=\"robots\" content=\"index, follow, max-snippet:-1, max-image-preview:large, max-video-preview:-1\" \/>\n<link rel=\"canonical\" href=\"https:\/\/www.laertes.es\/ca\/llibre\/incidents-a-la-vida-duna-esclava-jove\/\" \/>\n<meta property=\"og:locale\" content=\"ca_ES\" \/>\n<meta property=\"og:type\" content=\"article\" \/>\n<meta property=\"og:title\" content=\"Incidents a la vida d&#039;una esclava jove | Laertes ediciones\" \/>\n<meta property=\"og:description\" content=\"M\u00e9s enll\u00e0 del valor documental i testimonial, el llibre de Jacobs sobresurt, entre els milers de mem\u00f2ries escrites per esclaus fugitius\" \/>\n<meta property=\"og:url\" content=\"https:\/\/www.laertes.es\/ca\/llibre\/incidents-a-la-vida-duna-esclava-jove\/\" \/>\n<meta property=\"og:site_name\" content=\"Laertes ediciones\" \/>\n<meta property=\"og:image\" content=\"https:\/\/www.laertes.es\/wp-content\/uploads\/2025\/02\/PUN005.webp\" \/>\n\t<meta property=\"og:image:width\" content=\"802\" \/>\n\t<meta property=\"og:image:height\" content=\"1200\" \/>\n\t<meta property=\"og:image:type\" content=\"image\/webp\" \/>\n<meta name=\"twitter:label1\" content=\"Temps estimat de lectura\" \/>\n\t<meta name=\"twitter:data1\" content=\"1 minut\" \/>\n<script type=\"application\/ld+json\" class=\"yoast-schema-graph\">{\"@context\":\"https:\\\/\\\/schema.org\",\"@graph\":[{\"@type\":\"WebPage\",\"@id\":\"https:\\\/\\\/www.laertes.es\\\/ca\\\/llibre\\\/incidents-a-la-vida-duna-esclava-jove\\\/\",\"url\":\"https:\\\/\\\/www.laertes.es\\\/ca\\\/llibre\\\/incidents-a-la-vida-duna-esclava-jove\\\/\",\"name\":\"Incidents a la vida d'una esclava jove | Laertes ediciones\",\"isPartOf\":{\"@id\":\"https:\\\/\\\/www.laertes.es\\\/ca\\\/#website\"},\"primaryImageOfPage\":{\"@id\":\"https:\\\/\\\/www.laertes.es\\\/ca\\\/llibre\\\/incidents-a-la-vida-duna-esclava-jove\\\/#primaryimage\"},\"image\":{\"@id\":\"https:\\\/\\\/www.laertes.es\\\/ca\\\/llibre\\\/incidents-a-la-vida-duna-esclava-jove\\\/#primaryimage\"},\"thumbnailUrl\":\"https:\\\/\\\/www.laertes.es\\\/wp-content\\\/uploads\\\/2025\\\/02\\\/PUN005.webp\",\"datePublished\":\"2025-02-26T09:09:18+00:00\",\"description\":\"M\u00e9s enll\u00e0 del valor documental i testimonial, el llibre de Jacobs sobresurt, entre els milers de mem\u00f2ries escrites per esclaus fugitius\",\"breadcrumb\":{\"@id\":\"https:\\\/\\\/www.laertes.es\\\/ca\\\/llibre\\\/incidents-a-la-vida-duna-esclava-jove\\\/#breadcrumb\"},\"inLanguage\":\"ca\",\"potentialAction\":[{\"@type\":\"ReadAction\",\"target\":[\"https:\\\/\\\/www.laertes.es\\\/ca\\\/llibre\\\/incidents-a-la-vida-duna-esclava-jove\\\/\"]}]},{\"@type\":\"ImageObject\",\"inLanguage\":\"ca\",\"@id\":\"https:\\\/\\\/www.laertes.es\\\/ca\\\/llibre\\\/incidents-a-la-vida-duna-esclava-jove\\\/#primaryimage\",\"url\":\"https:\\\/\\\/www.laertes.es\\\/wp-content\\\/uploads\\\/2025\\\/02\\\/PUN005.webp\",\"contentUrl\":\"https:\\\/\\\/www.laertes.es\\\/wp-content\\\/uploads\\\/2025\\\/02\\\/PUN005.webp\",\"width\":802,\"height\":1200,\"caption\":\"esclava jove\"},{\"@type\":\"BreadcrumbList\",\"@id\":\"https:\\\/\\\/www.laertes.es\\\/ca\\\/llibre\\\/incidents-a-la-vida-duna-esclava-jove\\\/#breadcrumb\",\"itemListElement\":[{\"@type\":\"ListItem\",\"position\":1,\"name\":\"Portada\",\"item\":\"https:\\\/\\\/www.laertes.es\\\/ca\\\/\"},{\"@type\":\"ListItem\",\"position\":2,\"name\":\"Tienda\",\"item\":\"https:\\\/\\\/www.laertes.es\\\/tienda\\\/\"},{\"@type\":\"ListItem\",\"position\":3,\"name\":\"Incidents a la vida d&#8217;una esclava jove\"}]},{\"@type\":\"WebSite\",\"@id\":\"https:\\\/\\\/www.laertes.es\\\/ca\\\/#website\",\"url\":\"https:\\\/\\\/www.laertes.es\\\/ca\\\/\",\"name\":\"Laertes Ediciones\",\"description\":\"Editorial independiente desde 1975\",\"alternateName\":\"Laertes\",\"potentialAction\":[{\"@type\":\"SearchAction\",\"target\":{\"@type\":\"EntryPoint\",\"urlTemplate\":\"https:\\\/\\\/www.laertes.es\\\/ca\\\/?s={search_term_string}\"},\"query-input\":{\"@type\":\"PropertyValueSpecification\",\"valueRequired\":true,\"valueName\":\"search_term_string\"}}],\"inLanguage\":\"ca\"}]}<\/script>\n<!-- \/ Yoast SEO plugin. -->","yoast_head_json":{"title":"Incidents a la vida d'una esclava jove | Laertes ediciones","description":"M\u00e9s enll\u00e0 del valor documental i testimonial, el llibre de Jacobs sobresurt, entre els milers de mem\u00f2ries escrites per esclaus fugitius","robots":{"index":"index","follow":"follow","max-snippet":"max-snippet:-1","max-image-preview":"max-image-preview:large","max-video-preview":"max-video-preview:-1"},"canonical":"https:\/\/www.laertes.es\/ca\/llibre\/incidents-a-la-vida-duna-esclava-jove\/","og_locale":"ca_ES","og_type":"article","og_title":"Incidents a la vida d'una esclava jove | Laertes ediciones","og_description":"M\u00e9s enll\u00e0 del valor documental i testimonial, el llibre de Jacobs sobresurt, entre els milers de mem\u00f2ries escrites per esclaus fugitius","og_url":"https:\/\/www.laertes.es\/ca\/llibre\/incidents-a-la-vida-duna-esclava-jove\/","og_site_name":"Laertes ediciones","og_image":[{"width":802,"height":1200,"url":"https:\/\/www.laertes.es\/wp-content\/uploads\/2025\/02\/PUN005.webp","type":"image\/webp"}],"twitter_misc":{"Temps estimat de lectura":"1 minut"},"schema":{"@context":"https:\/\/schema.org","@graph":[{"@type":"WebPage","@id":"https:\/\/www.laertes.es\/ca\/llibre\/incidents-a-la-vida-duna-esclava-jove\/","url":"https:\/\/www.laertes.es\/ca\/llibre\/incidents-a-la-vida-duna-esclava-jove\/","name":"Incidents a la vida d'una esclava jove | Laertes ediciones","isPartOf":{"@id":"https:\/\/www.laertes.es\/ca\/#website"},"primaryImageOfPage":{"@id":"https:\/\/www.laertes.es\/ca\/llibre\/incidents-a-la-vida-duna-esclava-jove\/#primaryimage"},"image":{"@id":"https:\/\/www.laertes.es\/ca\/llibre\/incidents-a-la-vida-duna-esclava-jove\/#primaryimage"},"thumbnailUrl":"https:\/\/www.laertes.es\/wp-content\/uploads\/2025\/02\/PUN005.webp","datePublished":"2025-02-26T09:09:18+00:00","description":"M\u00e9s enll\u00e0 del valor documental i testimonial, el llibre de Jacobs sobresurt, entre els milers de mem\u00f2ries escrites per esclaus fugitius","breadcrumb":{"@id":"https:\/\/www.laertes.es\/ca\/llibre\/incidents-a-la-vida-duna-esclava-jove\/#breadcrumb"},"inLanguage":"ca","potentialAction":[{"@type":"ReadAction","target":["https:\/\/www.laertes.es\/ca\/llibre\/incidents-a-la-vida-duna-esclava-jove\/"]}]},{"@type":"ImageObject","inLanguage":"ca","@id":"https:\/\/www.laertes.es\/ca\/llibre\/incidents-a-la-vida-duna-esclava-jove\/#primaryimage","url":"https:\/\/www.laertes.es\/wp-content\/uploads\/2025\/02\/PUN005.webp","contentUrl":"https:\/\/www.laertes.es\/wp-content\/uploads\/2025\/02\/PUN005.webp","width":802,"height":1200,"caption":"esclava jove"},{"@type":"BreadcrumbList","@id":"https:\/\/www.laertes.es\/ca\/llibre\/incidents-a-la-vida-duna-esclava-jove\/#breadcrumb","itemListElement":[{"@type":"ListItem","position":1,"name":"Portada","item":"https:\/\/www.laertes.es\/ca\/"},{"@type":"ListItem","position":2,"name":"Tienda","item":"https:\/\/www.laertes.es\/tienda\/"},{"@type":"ListItem","position":3,"name":"Incidents a la vida d&#8217;una esclava jove"}]},{"@type":"WebSite","@id":"https:\/\/www.laertes.es\/ca\/#website","url":"https:\/\/www.laertes.es\/ca\/","name":"Laertes Ediciones","description":"Editorial independiente desde 1975","alternateName":"Laertes","potentialAction":[{"@type":"SearchAction","target":{"@type":"EntryPoint","urlTemplate":"https:\/\/www.laertes.es\/ca\/?s={search_term_string}"},"query-input":{"@type":"PropertyValueSpecification","valueRequired":true,"valueName":"search_term_string"}}],"inLanguage":"ca"}]}},"_links":{"self":[{"href":"https:\/\/www.laertes.es\/ca\/wp-json\/wp\/v2\/product\/15450","targetHints":{"allow":["GET"]}}],"collection":[{"href":"https:\/\/www.laertes.es\/ca\/wp-json\/wp\/v2\/product"}],"about":[{"href":"https:\/\/www.laertes.es\/ca\/wp-json\/wp\/v2\/types\/product"}],"version-history":[{"count":0,"href":"https:\/\/www.laertes.es\/ca\/wp-json\/wp\/v2\/product\/15450\/revisions"}],"wp:featuredmedia":[{"embeddable":true,"href":"https:\/\/www.laertes.es\/ca\/wp-json\/wp\/v2\/media\/15446"}],"wp:attachment":[{"href":"https:\/\/www.laertes.es\/ca\/wp-json\/wp\/v2\/media?parent=15450"}],"wp:term":[{"taxonomy":"product_brand","embeddable":true,"href":"https:\/\/www.laertes.es\/ca\/wp-json\/wp\/v2\/product_brand?post=15450"},{"taxonomy":"product_cat","embeddable":true,"href":"https:\/\/www.laertes.es\/ca\/wp-json\/wp\/v2\/product_cat?post=15450"},{"taxonomy":"product_tag","embeddable":true,"href":"https:\/\/www.laertes.es\/ca\/wp-json\/wp\/v2\/product_tag?post=15450"},{"taxonomy":"autores","embeddable":true,"href":"https:\/\/www.laertes.es\/ca\/wp-json\/wp\/v2\/autores?post=15450"},{"taxonomy":"formatos","embeddable":true,"href":"https:\/\/www.laertes.es\/ca\/wp-json\/wp\/v2\/formatos?post=15450"},{"taxonomy":"materias","embeddable":true,"href":"https:\/\/www.laertes.es\/ca\/wp-json\/wp\/v2\/materias?post=15450"}],"curies":[{"name":"wp","href":"https:\/\/api.w.org\/{rel}","templated":true}]}}

<p>Harriet Jacobs, esclava nord-americana, va ser, des de l’adolescència, objecte de l’implacable assetjament sexual de l’amo, fins que va fugir al Nord el 1842. Les peripècies de l’experiència, algunes tan extraordinàries que desafien la credulitat (d’una veracitat, però, certificada pels nombrosos estudis sobre la figura i l’obra de Jacobs), mostren els horrors de la condició esclava agreujats per la condició femenina.<br />
Més enllà del valor documental i testimonial, el llibre de Jacobs sobresurt (al costat de la Narració de Frederick Douglass), entre els milers de memòries escrites per esclaus fugitius, com a obra mestra de la literatura americana. És, d’altra banda, l’única autobiografia d’esclaus fugitius que aborda en primera persona i exposa de manera central i frontal els abusos sexuals que patien les dones esclaves, i reclama, per a totes les dones, la lliure disposició del cos. </p>

<!-- This site is optimized with the Yoast SEO plugin v27.5 - https://yoast.com/product/yoast-seo-wordpress/ -->
<title>Incidents a la vida d&#039;una esclava jove | Laertes ediciones</title>
<meta name="description" content="Més enllà del valor documental i testimonial, el llibre de Jacobs sobresurt, entre els milers de memòries escrites per esclaus fugitius" />
<meta name="robots" content="index, follow, max-snippet:-1, max-image-preview:large, max-video-preview:-1" />
<link rel="canonical" href="https://www.laertes.es/ca/llibre/incidents-a-la-vida-duna-esclava-jove/" />
<meta property="og:locale" content="ca_ES" />
<meta property="og:type" content="article" />
<meta property="og:title" content="Incidents a la vida d&#039;una esclava jove | Laertes ediciones" />
<meta property="og:description" content="Més enllà del valor documental i testimonial, el llibre de Jacobs sobresurt, entre els milers de memòries escrites per esclaus fugitius" />
<meta property="og:url" content="https://www.laertes.es/ca/llibre/incidents-a-la-vida-duna-esclava-jove/" />
<meta property="og:site_name" content="Laertes ediciones" />
<meta property="og:image" content="https://www.laertes.es/wp-content/uploads/2025/02/PUN005.webp" />
	<meta property="og:image:width" content="802" />
	<meta property="og:image:height" content="1200" />
	<meta property="og:image:type" content="image/webp" />
<meta name="twitter:label1" content="Temps estimat de lectura" />
	<meta name="twitter:data1" content="1 minut" />
<script type="application/ld+json" class="yoast-schema-graph">{"@context":"https:\/\/schema.org","@graph":[{"@type":"WebPage","@id":"https:\/\/www.laertes.es\/ca\/llibre\/incidents-a-la-vida-duna-esclava-jove\/","url":"https:\/\/www.laertes.es\/ca\/llibre\/incidents-a-la-vida-duna-esclava-jove\/","name":"Incidents a la vida d'una esclava jove | Laertes ediciones","isPartOf":{"@id":"https:\/\/www.laertes.es\/ca\/#website"},"primaryImageOfPage":{"@id":"https:\/\/www.laertes.es\/ca\/llibre\/incidents-a-la-vida-duna-esclava-jove\/#primaryimage"},"image":{"@id":"https:\/\/www.laertes.es\/ca\/llibre\/incidents-a-la-vida-duna-esclava-jove\/#primaryimage"},"thumbnailUrl":"https:\/\/www.laertes.es\/wp-content\/uploads\/2025\/02\/PUN005.webp","datePublished":"2025-02-26T09:09:18+00:00","description":"Més enllà del valor documental i testimonial, el llibre de Jacobs sobresurt, entre els milers de memòries escrites per esclaus fugitius","breadcrumb":{"@id":"https:\/\/www.laertes.es\/ca\/llibre\/incidents-a-la-vida-duna-esclava-jove\/#breadcrumb"},"inLanguage":"ca","potentialAction":[{"@type":"ReadAction","target":["https:\/\/www.laertes.es\/ca\/llibre\/incidents-a-la-vida-duna-esclava-jove\/"]}]},{"@type":"ImageObject","inLanguage":"ca","@id":"https:\/\/www.laertes.es\/ca\/llibre\/incidents-a-la-vida-duna-esclava-jove\/#primaryimage","url":"https:\/\/www.laertes.es\/wp-content\/uploads\/2025\/02\/PUN005.webp","contentUrl":"https:\/\/www.laertes.es\/wp-content\/uploads\/2025\/02\/PUN005.webp","width":802,"height":1200,"caption":"esclava jove"},{"@type":"BreadcrumbList","@id":"https:\/\/www.laertes.es\/ca\/llibre\/incidents-a-la-vida-duna-esclava-jove\/#breadcrumb","itemListElement":[{"@type":"ListItem","position":1,"name":"Portada","item":"https:\/\/www.laertes.es\/ca\/"},{"@type":"ListItem","position":2,"name":"Tienda","item":"https:\/\/www.laertes.es\/tienda\/"},{"@type":"ListItem","position":3,"name":"Incidents a la vida d&#8217;una esclava jove"}]},{"@type":"WebSite","@id":"https:\/\/www.laertes.es\/ca\/#website","url":"https:\/\/www.laertes.es\/ca\/","name":"Laertes Ediciones","description":"Editorial independiente desde 1975","alternateName":"Laertes","potentialAction":[{"@type":"SearchAction","target":{"@type":"EntryPoint","urlTemplate":"https:\/\/www.laertes.es\/ca\/?s={search_term_string}"},"query-input":{"@type":"PropertyValueSpecification","valueRequired":true,"valueName":"search_term_string"}}],"inLanguage":"ca"}]}</script>
<!-- / Yoast SEO plugin. -->

Més enllà del valor documental i testimonial, el llibre de Jacobs sobresurt, entre els milers de memòries escrites per esclaus fugitius
