{"id":15345,"date":"2024-11-15T09:38:57","date_gmt":"2024-11-15T09:38:57","guid":{"rendered":"https:\/libro\/la-lloba-que-fou-2\/"},"modified":"2025-05-07T18:16:30","modified_gmt":"2025-05-07T18:16:30","slug":"la-lloba-que-fou-2","status":"publish","type":"product","link":"https:\/\/www.laertes.es\/ca\/llibre\/la-lloba-que-fou-2\/","title":{"rendered":"La lloba que fou"},"content":{"rendered":"<p>La lloba que fou, una narraci\u00f3 independent inserida en la voluminosa novel\u00b7la g\u00f2tica El vaixell fantasma (1837-1839), de Frederick Marryat, combina magistralment tots els elements de sensaci\u00f3 de la literatura de l\u2019home-llop: homicidis atro\u00e7os, sexe infamant o aberrant, pot\u00e8ncies elementals, diabolisme, malediccions, blasf\u00e8mies, sinistres cultes ancestrals, profanacions de sepultures, antropof\u00e0gia&#8230; Marryat fa un pas m\u00e9s enll\u00e0 situant la malignitat i la destructivitat de l\u2019home-llop no en la faceta lupina sin\u00f3 en l\u2019humana, i amb aquest gir La lloba que fou esdev\u00e9 en el punt de partida d\u2019una l\u00ednea liter\u00e0ria (il\u00b7lustrada, entre d\u2019altres, per Charles Baudelaire, Jack London, Hermann Hessse, Boris Vian o Ursula LeGuin) que utilitza el llop com a figura simb\u00f2lica o emblem\u00e0tica.<br \/>\nA l\u2019assaig introductori, el narrador i assagista Emili Olcina situa La lloba que fou dins del doble context de les llegendes i la mitologia, i de la hist\u00f2ria liter\u00e0ria.<\/p>\n<p>La lloba que fou, una narraci\u00f3 independent inserida en la voluminosa novel\u00b7la g\u00f2tica El vaixell fantasma (1837-1839), de Frederick Marryat, combina magistralment tots els elements de sensaci\u00f3 de la literatura de l\u2019home-llop: homicidis atro\u00e7os, sexe infamant o aberrant, pot\u00e8ncies elementals, diabolisme, malediccions, blasf\u00e8mies, sinistres cultes ancestrals, profanacions de sepultures, antropof\u00e0gia&#8230; Marryat fa un pas m\u00e9s enll\u00e0 situant la malignitat i la destructivitat de l\u2019home-llop no en la faceta lupina sin\u00f3 en l\u2019humana, i amb aquest gir La lloba que fou esdev\u00e9 en el punt de partida d\u2019una l\u00ednea liter\u00e0ria (il\u00b7lustrada, entre d\u2019altres, per Charles Baudelaire, Jack London, Hermann Hessse, Boris Vian o Ursula LeGuin) que utilitza el llop com a figura simb\u00f2lica o emblem\u00e0tica.<br \/>\nA l\u2019assaig introductori, el narrador i assagista Emili Olcina situa La lloba que fou dins del doble context de les llegendes i la mitologia, i de la hist\u00f2ria liter\u00e0ria.<\/p>\n","protected":false},"excerpt":{"rendered":"<p>Una narraci\u00f3 que combina magistralment tots els elements de sensaci\u00f3 de la literatura de l\u2019home-llop<\/p>\n","protected":false},"featured_media":15343,"template":"","meta":[],"product_brand":[],"product_cat":[296],"product_tag":[1960,1961,1962,673],"autores":[387],"formatos":[355],"materias":[356,374,357],"class_list":{"0":"post-15345","1":"product","2":"type-product","3":"status-publish","4":"has-post-thumbnail","6":"product_cat-larca-ca","7":"product_tag-contes-classics-ca","8":"product_tag-fantastic-ca","9":"product_tag-home-llop-ca","10":"product_tag-terror-ca","11":"autores-marryat-frederick-ca","12":"formatos-llibre","13":"materias-cuentos-clasicos-de-generos-fantasticos-ca","14":"materias-literatura-ca","15":"materias-terror-ca-ca","17":"first","18":"instock","19":"taxable","20":"shipping-taxable","21":"purchasable","22":"product-type-simple"},"yoast_head":"<!-- This site is optimized with the Yoast SEO plugin v27.5 - https:\/\/yoast.com\/product\/yoast-seo-wordpress\/ -->\n<title>La lloba que fou | Laertes ediciones<\/title>\n<meta name=\"description\" content=\"Una narraci\u00f3 que combina magistralment tots els elements de sensaci\u00f3 de la literatura de l\u2019home-llop | La lloba que fou | Laertes ediciones\" \/>\n<meta name=\"robots\" content=\"index, follow, max-snippet:-1, max-image-preview:large, max-video-preview:-1\" \/>\n<link rel=\"canonical\" href=\"https:\/\/www.laertes.es\/ca\/llibre\/la-lloba-que-fou-2\/\" \/>\n<meta property=\"og:locale\" content=\"ca_ES\" \/>\n<meta property=\"og:type\" content=\"article\" \/>\n<meta property=\"og:title\" content=\"La lloba que fou | Laertes ediciones\" \/>\n<meta property=\"og:description\" content=\"Una narraci\u00f3 que combina magistralment tots els elements de sensaci\u00f3 de la literatura de l\u2019home-llop | La lloba que fou | Laertes ediciones\" \/>\n<meta property=\"og:url\" content=\"https:\/\/www.laertes.es\/ca\/llibre\/la-lloba-que-fou-2\/\" \/>\n<meta property=\"og:site_name\" content=\"Laertes ediciones\" \/>\n<meta property=\"article:modified_time\" content=\"2025-05-07T18:16:30+00:00\" \/>\n<meta property=\"og:image\" content=\"https:\/\/www.laertes.es\/wp-content\/uploads\/2024\/11\/ARC004b.webp\" \/>\n\t<meta property=\"og:image:width\" content=\"802\" \/>\n\t<meta property=\"og:image:height\" content=\"1200\" \/>\n\t<meta property=\"og:image:type\" content=\"image\/webp\" \/>\n<meta name=\"twitter:label1\" content=\"Temps estimat de lectura\" \/>\n\t<meta name=\"twitter:data1\" content=\"1 minut\" \/>\n<script type=\"application\/ld+json\" class=\"yoast-schema-graph\">{\"@context\":\"https:\\\/\\\/schema.org\",\"@graph\":[{\"@type\":\"WebPage\",\"@id\":\"https:\\\/\\\/www.laertes.es\\\/ca\\\/llibre\\\/la-lloba-que-fou-2\\\/\",\"url\":\"https:\\\/\\\/www.laertes.es\\\/ca\\\/llibre\\\/la-lloba-que-fou-2\\\/\",\"name\":\"La lloba que fou | Laertes ediciones\",\"isPartOf\":{\"@id\":\"https:\\\/\\\/www.laertes.es\\\/ca\\\/#website\"},\"primaryImageOfPage\":{\"@id\":\"https:\\\/\\\/www.laertes.es\\\/ca\\\/llibre\\\/la-lloba-que-fou-2\\\/#primaryimage\"},\"image\":{\"@id\":\"https:\\\/\\\/www.laertes.es\\\/ca\\\/llibre\\\/la-lloba-que-fou-2\\\/#primaryimage\"},\"thumbnailUrl\":\"https:\\\/\\\/www.laertes.es\\\/wp-content\\\/uploads\\\/2024\\\/11\\\/ARC004b.webp\",\"datePublished\":\"2024-11-15T09:38:57+00:00\",\"dateModified\":\"2025-05-07T18:16:30+00:00\",\"description\":\"Una narraci\u00f3 que combina magistralment tots els elements de sensaci\u00f3 de la literatura de l\u2019home-llop | La lloba que fou | Laertes ediciones\",\"breadcrumb\":{\"@id\":\"https:\\\/\\\/www.laertes.es\\\/ca\\\/llibre\\\/la-lloba-que-fou-2\\\/#breadcrumb\"},\"inLanguage\":\"ca\",\"potentialAction\":[{\"@type\":\"ReadAction\",\"target\":[\"https:\\\/\\\/www.laertes.es\\\/ca\\\/llibre\\\/la-lloba-que-fou-2\\\/\"]}]},{\"@type\":\"ImageObject\",\"inLanguage\":\"ca\",\"@id\":\"https:\\\/\\\/www.laertes.es\\\/ca\\\/llibre\\\/la-lloba-que-fou-2\\\/#primaryimage\",\"url\":\"https:\\\/\\\/www.laertes.es\\\/wp-content\\\/uploads\\\/2024\\\/11\\\/ARC004b.webp\",\"contentUrl\":\"https:\\\/\\\/www.laertes.es\\\/wp-content\\\/uploads\\\/2024\\\/11\\\/ARC004b.webp\",\"width\":802,\"height\":1200,\"caption\":\"la lloba que fou\"},{\"@type\":\"BreadcrumbList\",\"@id\":\"https:\\\/\\\/www.laertes.es\\\/ca\\\/llibre\\\/la-lloba-que-fou-2\\\/#breadcrumb\",\"itemListElement\":[{\"@type\":\"ListItem\",\"position\":1,\"name\":\"Portada\",\"item\":\"https:\\\/\\\/www.laertes.es\\\/ca\\\/\"},{\"@type\":\"ListItem\",\"position\":2,\"name\":\"Tienda\",\"item\":\"https:\\\/\\\/www.laertes.es\\\/tienda\\\/\"},{\"@type\":\"ListItem\",\"position\":3,\"name\":\"La lloba que fou\"}]},{\"@type\":\"WebSite\",\"@id\":\"https:\\\/\\\/www.laertes.es\\\/ca\\\/#website\",\"url\":\"https:\\\/\\\/www.laertes.es\\\/ca\\\/\",\"name\":\"Laertes Ediciones\",\"description\":\"Editorial independiente desde 1975\",\"alternateName\":\"Laertes\",\"potentialAction\":[{\"@type\":\"SearchAction\",\"target\":{\"@type\":\"EntryPoint\",\"urlTemplate\":\"https:\\\/\\\/www.laertes.es\\\/ca\\\/?s={search_term_string}\"},\"query-input\":{\"@type\":\"PropertyValueSpecification\",\"valueRequired\":true,\"valueName\":\"search_term_string\"}}],\"inLanguage\":\"ca\"}]}<\/script>\n<!-- \/ Yoast SEO plugin. -->","yoast_head_json":{"title":"La lloba que fou | Laertes ediciones","description":"Una narraci\u00f3 que combina magistralment tots els elements de sensaci\u00f3 de la literatura de l\u2019home-llop | La lloba que fou | Laertes ediciones","robots":{"index":"index","follow":"follow","max-snippet":"max-snippet:-1","max-image-preview":"max-image-preview:large","max-video-preview":"max-video-preview:-1"},"canonical":"https:\/\/www.laertes.es\/ca\/llibre\/la-lloba-que-fou-2\/","og_locale":"ca_ES","og_type":"article","og_title":"La lloba que fou | Laertes ediciones","og_description":"Una narraci\u00f3 que combina magistralment tots els elements de sensaci\u00f3 de la literatura de l\u2019home-llop | La lloba que fou | Laertes ediciones","og_url":"https:\/\/www.laertes.es\/ca\/llibre\/la-lloba-que-fou-2\/","og_site_name":"Laertes ediciones","article_modified_time":"2025-05-07T18:16:30+00:00","og_image":[{"width":802,"height":1200,"url":"https:\/\/www.laertes.es\/wp-content\/uploads\/2024\/11\/ARC004b.webp","type":"image\/webp"}],"twitter_misc":{"Temps estimat de lectura":"1 minut"},"schema":{"@context":"https:\/\/schema.org","@graph":[{"@type":"WebPage","@id":"https:\/\/www.laertes.es\/ca\/llibre\/la-lloba-que-fou-2\/","url":"https:\/\/www.laertes.es\/ca\/llibre\/la-lloba-que-fou-2\/","name":"La lloba que fou | Laertes ediciones","isPartOf":{"@id":"https:\/\/www.laertes.es\/ca\/#website"},"primaryImageOfPage":{"@id":"https:\/\/www.laertes.es\/ca\/llibre\/la-lloba-que-fou-2\/#primaryimage"},"image":{"@id":"https:\/\/www.laertes.es\/ca\/llibre\/la-lloba-que-fou-2\/#primaryimage"},"thumbnailUrl":"https:\/\/www.laertes.es\/wp-content\/uploads\/2024\/11\/ARC004b.webp","datePublished":"2024-11-15T09:38:57+00:00","dateModified":"2025-05-07T18:16:30+00:00","description":"Una narraci\u00f3 que combina magistralment tots els elements de sensaci\u00f3 de la literatura de l\u2019home-llop | La lloba que fou | Laertes ediciones","breadcrumb":{"@id":"https:\/\/www.laertes.es\/ca\/llibre\/la-lloba-que-fou-2\/#breadcrumb"},"inLanguage":"ca","potentialAction":[{"@type":"ReadAction","target":["https:\/\/www.laertes.es\/ca\/llibre\/la-lloba-que-fou-2\/"]}]},{"@type":"ImageObject","inLanguage":"ca","@id":"https:\/\/www.laertes.es\/ca\/llibre\/la-lloba-que-fou-2\/#primaryimage","url":"https:\/\/www.laertes.es\/wp-content\/uploads\/2024\/11\/ARC004b.webp","contentUrl":"https:\/\/www.laertes.es\/wp-content\/uploads\/2024\/11\/ARC004b.webp","width":802,"height":1200,"caption":"la lloba que fou"},{"@type":"BreadcrumbList","@id":"https:\/\/www.laertes.es\/ca\/llibre\/la-lloba-que-fou-2\/#breadcrumb","itemListElement":[{"@type":"ListItem","position":1,"name":"Portada","item":"https:\/\/www.laertes.es\/ca\/"},{"@type":"ListItem","position":2,"name":"Tienda","item":"https:\/\/www.laertes.es\/tienda\/"},{"@type":"ListItem","position":3,"name":"La lloba que fou"}]},{"@type":"WebSite","@id":"https:\/\/www.laertes.es\/ca\/#website","url":"https:\/\/www.laertes.es\/ca\/","name":"Laertes Ediciones","description":"Editorial independiente desde 1975","alternateName":"Laertes","potentialAction":[{"@type":"SearchAction","target":{"@type":"EntryPoint","urlTemplate":"https:\/\/www.laertes.es\/ca\/?s={search_term_string}"},"query-input":{"@type":"PropertyValueSpecification","valueRequired":true,"valueName":"search_term_string"}}],"inLanguage":"ca"}]}},"_links":{"self":[{"href":"https:\/\/www.laertes.es\/ca\/wp-json\/wp\/v2\/product\/15345","targetHints":{"allow":["GET"]}}],"collection":[{"href":"https:\/\/www.laertes.es\/ca\/wp-json\/wp\/v2\/product"}],"about":[{"href":"https:\/\/www.laertes.es\/ca\/wp-json\/wp\/v2\/types\/product"}],"version-history":[{"count":1,"href":"https:\/\/www.laertes.es\/ca\/wp-json\/wp\/v2\/product\/15345\/revisions"}],"predecessor-version":[{"id":15563,"href":"https:\/\/www.laertes.es\/ca\/wp-json\/wp\/v2\/product\/15345\/revisions\/15563"}],"wp:featuredmedia":[{"embeddable":true,"href":"https:\/\/www.laertes.es\/ca\/wp-json\/wp\/v2\/media\/15343"}],"wp:attachment":[{"href":"https:\/\/www.laertes.es\/ca\/wp-json\/wp\/v2\/media?parent=15345"}],"wp:term":[{"taxonomy":"product_brand","embeddable":true,"href":"https:\/\/www.laertes.es\/ca\/wp-json\/wp\/v2\/product_brand?post=15345"},{"taxonomy":"product_cat","embeddable":true,"href":"https:\/\/www.laertes.es\/ca\/wp-json\/wp\/v2\/product_cat?post=15345"},{"taxonomy":"product_tag","embeddable":true,"href":"https:\/\/www.laertes.es\/ca\/wp-json\/wp\/v2\/product_tag?post=15345"},{"taxonomy":"autores","embeddable":true,"href":"https:\/\/www.laertes.es\/ca\/wp-json\/wp\/v2\/autores?post=15345"},{"taxonomy":"formatos","embeddable":true,"href":"https:\/\/www.laertes.es\/ca\/wp-json\/wp\/v2\/formatos?post=15345"},{"taxonomy":"materias","embeddable":true,"href":"https:\/\/www.laertes.es\/ca\/wp-json\/wp\/v2\/materias?post=15345"}],"curies":[{"name":"wp","href":"https:\/\/api.w.org\/{rel}","templated":true}]}}

<p>La lloba que fou, una narració independent inserida en la voluminosa novel·la gòtica El vaixell fantasma (1837-1839), de Frederick Marryat, combina magistralment tots els elements de sensació de la literatura de l’home-llop: homicidis atroços, sexe infamant o aberrant, potències elementals, diabolisme, malediccions, blasfèmies, sinistres cultes ancestrals, profanacions de sepultures, antropofàgia&#8230; Marryat fa un pas més enllà situant la malignitat i la destructivitat de l’home-llop no en la faceta lupina sinó en l’humana, i amb aquest gir La lloba que fou esdevé en el punt de partida d’una línea literària (il·lustrada, entre d’altres, per Charles Baudelaire, Jack London, Hermann Hessse, Boris Vian o Ursula LeGuin) que utilitza el llop com a figura simbòlica o emblemàtica.<br />
A l’assaig introductori, el narrador i assagista Emili Olcina situa La lloba que fou dins del doble context de les llegendes i la mitologia, i de la història literària.</p>
<p>La lloba que fou, una narració independent inserida en la voluminosa novel·la gòtica El vaixell fantasma (1837-1839), de Frederick Marryat, combina magistralment tots els elements de sensació de la literatura de l’home-llop: homicidis atroços, sexe infamant o aberrant, potències elementals, diabolisme, malediccions, blasfèmies, sinistres cultes ancestrals, profanacions de sepultures, antropofàgia&#8230; Marryat fa un pas més enllà situant la malignitat i la destructivitat de l’home-llop no en la faceta lupina sinó en l’humana, i amb aquest gir La lloba que fou esdevé en el punt de partida d’una línea literària (il·lustrada, entre d’altres, per Charles Baudelaire, Jack London, Hermann Hessse, Boris Vian o Ursula LeGuin) que utilitza el llop com a figura simbòlica o emblemàtica.<br />
A l’assaig introductori, el narrador i assagista Emili Olcina situa La lloba que fou dins del doble context de les llegendes i la mitologia, i de la història literària.</p>

<p>Una narració que combina magistralment tots els elements de sensació de la literatura de l’home-llop</p>

<!-- This site is optimized with the Yoast SEO plugin v27.5 - https://yoast.com/product/yoast-seo-wordpress/ -->
<title>La lloba que fou | Laertes ediciones</title>
<meta name="description" content="Una narració que combina magistralment tots els elements de sensació de la literatura de l’home-llop | La lloba que fou | Laertes ediciones" />
<meta name="robots" content="index, follow, max-snippet:-1, max-image-preview:large, max-video-preview:-1" />
<link rel="canonical" href="https://www.laertes.es/ca/llibre/la-lloba-que-fou-2/" />
<meta property="og:locale" content="ca_ES" />
<meta property="og:type" content="article" />
<meta property="og:title" content="La lloba que fou | Laertes ediciones" />
<meta property="og:description" content="Una narració que combina magistralment tots els elements de sensació de la literatura de l’home-llop | La lloba que fou | Laertes ediciones" />
<meta property="og:url" content="https://www.laertes.es/ca/llibre/la-lloba-que-fou-2/" />
<meta property="og:site_name" content="Laertes ediciones" />
<meta property="article:modified_time" content="2025-05-07T18:16:30+00:00" />
<meta property="og:image" content="https://www.laertes.es/wp-content/uploads/2024/11/ARC004b.webp" />
	<meta property="og:image:width" content="802" />
	<meta property="og:image:height" content="1200" />
	<meta property="og:image:type" content="image/webp" />
<meta name="twitter:label1" content="Temps estimat de lectura" />
	<meta name="twitter:data1" content="1 minut" />
<script type="application/ld+json" class="yoast-schema-graph">{"@context":"https:\/\/schema.org","@graph":[{"@type":"WebPage","@id":"https:\/\/www.laertes.es\/ca\/llibre\/la-lloba-que-fou-2\/","url":"https:\/\/www.laertes.es\/ca\/llibre\/la-lloba-que-fou-2\/","name":"La lloba que fou | Laertes ediciones","isPartOf":{"@id":"https:\/\/www.laertes.es\/ca\/#website"},"primaryImageOfPage":{"@id":"https:\/\/www.laertes.es\/ca\/llibre\/la-lloba-que-fou-2\/#primaryimage"},"image":{"@id":"https:\/\/www.laertes.es\/ca\/llibre\/la-lloba-que-fou-2\/#primaryimage"},"thumbnailUrl":"https:\/\/www.laertes.es\/wp-content\/uploads\/2024\/11\/ARC004b.webp","datePublished":"2024-11-15T09:38:57+00:00","dateModified":"2025-05-07T18:16:30+00:00","description":"Una narració que combina magistralment tots els elements de sensació de la literatura de l’home-llop | La lloba que fou | Laertes ediciones","breadcrumb":{"@id":"https:\/\/www.laertes.es\/ca\/llibre\/la-lloba-que-fou-2\/#breadcrumb"},"inLanguage":"ca","potentialAction":[{"@type":"ReadAction","target":["https:\/\/www.laertes.es\/ca\/llibre\/la-lloba-que-fou-2\/"]}]},{"@type":"ImageObject","inLanguage":"ca","@id":"https:\/\/www.laertes.es\/ca\/llibre\/la-lloba-que-fou-2\/#primaryimage","url":"https:\/\/www.laertes.es\/wp-content\/uploads\/2024\/11\/ARC004b.webp","contentUrl":"https:\/\/www.laertes.es\/wp-content\/uploads\/2024\/11\/ARC004b.webp","width":802,"height":1200,"caption":"la lloba que fou"},{"@type":"BreadcrumbList","@id":"https:\/\/www.laertes.es\/ca\/llibre\/la-lloba-que-fou-2\/#breadcrumb","itemListElement":[{"@type":"ListItem","position":1,"name":"Portada","item":"https:\/\/www.laertes.es\/ca\/"},{"@type":"ListItem","position":2,"name":"Tienda","item":"https:\/\/www.laertes.es\/tienda\/"},{"@type":"ListItem","position":3,"name":"La lloba que fou"}]},{"@type":"WebSite","@id":"https:\/\/www.laertes.es\/ca\/#website","url":"https:\/\/www.laertes.es\/ca\/","name":"Laertes Ediciones","description":"Editorial independiente desde 1975","alternateName":"Laertes","potentialAction":[{"@type":"SearchAction","target":{"@type":"EntryPoint","urlTemplate":"https:\/\/www.laertes.es\/ca\/?s={search_term_string}"},"query-input":{"@type":"PropertyValueSpecification","valueRequired":true,"valueName":"search_term_string"}}],"inLanguage":"ca"}]}</script>
<!-- / Yoast SEO plugin. -->

Una narració que combina magistralment tots els elements de sensació de la literatura de l’home-llop | La lloba que fou | Laertes ediciones
