{"id":14679,"date":"2023-06-29T07:14:45","date_gmt":"2023-06-29T07:14:45","guid":{"rendered":"https:\/libro\/mi-cuaderno-morado\/"},"modified":"2023-10-03T17:47:15","modified_gmt":"2023-10-03T17:47:15","slug":"mi-cuaderno-morado","status":"publish","type":"product","link":"https:\/\/www.laertes.es\/ca\/llibre\/mi-cuaderno-morado\/","title":{"rendered":"Mi cuaderno morado"},"content":{"rendered":"<h1>Mi cuaderno morado<\/h1>\n<p>Mi cuaderno morado, quiz\u00e1s el m\u00e1s ambicioso y heterodoxo de los que ha escrito, Ana Mar\u00eda Briongos nos sumerge en un mar de recuerdos por sus viajes de ida y vuelta en ese mundo tan personal y, a la vez tan universal. Traza con mano firme un tapiz que nos traslada desde la Barcelona franquista, hasta el Berkeley de hoy d\u00eda incluida su panda de amigos.<br \/>\n<strong>\u00a0 \u00a0 \u00a0<\/strong>Desde Fontllonga, en Lleida, volamos en zigzags hasta Goa, Beirut, Alejandr\u00eda, Damasco, Nueva Delhi, Badgad, Teher\u00e1n (del sha y el de Jomeini), Kandahar y Herat (ambas antes de los talibanes), la Formentera de Pau Riba, el Big Sur de hoy, Carmel, y un sinf\u00edn de escenarios fascinantes, en los que nos sentimos inmersos porque todos tienen una historia que contarnos. Mi cuaderno morado<br \/>\n<strong>\u00a0 \u00a0 \u00a0<\/strong>Este libro es tambi\u00e9n y a la vez resumen involuntario de una \u00e9poca protagonizada por los personajes m\u00e1s diversos. Conocemos Barcelona de la mano de Don Restituto y Do\u00f1a Luisa, padres de la escritora, paseamos y corremos por las callejuelas de la Ciudad Condal con T\u00e0pies, Montserrat Roig, Miquel Horta, Gato P\u00e9rez, Joan Manuel Serrat, Manuel Sacrist\u00e1n, Pilar Brabo, Manolo V\u00e1zquez Montalb\u00e1n, Salvador Clotas, Jordi Sol\u00e9 Tura y la extensa familia Maragall. Seguimos a V\u00edctor Jou, a Ricardo Bofill y a tantos otros personajes que los lectores ir\u00e1n descubriendo p\u00e1gina a p\u00e1gina.<br \/>\n<strong>\u00a0 \u00a0 \u00a0<\/strong>Las reflexiones impagables y alucinadas de todos ellos, los acontecimientos, la iniciaci\u00f3n a la vida, y a las drogas, la p\u00e9rdida de la inocencia, el riesgo de la aventura, los contratiempos del viaje. Todo ello gracias al poderoso aliento de vida que arrastra consigo Ana Mar\u00eda Briongos. Ese es el verdadero acicate que nos mover\u00e1 a leer este cuaderno como si fuera el mejor de los cuentos de Las mil y una noches.<\/p>\n","protected":false},"excerpt":{"rendered":"<p>Mi cuaderno morado Mi cuaderno morado, quiz\u00e1s el m\u00e1s ambicioso y heterodoxo de los que ha escrito, Ana Mar\u00eda Briongos<\/p>\n","protected":false},"featured_media":14677,"template":"","meta":[],"product_brand":[],"product_cat":[339],"product_tag":[883,756,776,1440,888,641,651,1662],"autores":[879],"formatos":[353,355],"materias":[360,375],"class_list":{"0":"post-14679","1":"product","2":"type-product","3":"status-publish","4":"has-post-thumbnail","6":"product_cat-nan-shan-ca","7":"product_tag-afganistan-ca","8":"product_tag-biografia-ca","9":"product_tag-franquismo-ca","10":"product_tag-india-ca","11":"product_tag-iran-ca","12":"product_tag-literatura-de-viajes-ca","13":"product_tag-memorias-ca","14":"product_tag-san-francisco-ca","15":"autores-briongos-guadayol-ana-m-ca","16":"formatos-ebook","17":"formatos-llibre","18":"materias-biografias-ca","19":"materias-literatura-de-viajes-ca","21":"first","22":"instock","23":"taxable","24":"shipping-taxable","25":"purchasable","26":"product-type-variable"},"yoast_head":"<!-- This site is optimized with the Yoast SEO plugin v27.4 - https:\/\/yoast.com\/product\/yoast-seo-wordpress\/ -->\n<title>Mi cuaderno morado | Laertes ediciones<\/title>\n<meta name=\"description\" content=\"Mi cuaderno morado nos sumerge en un mar de recuerdos por sus viajes de ida y vuelta en ese mundo tan personal y, a la vez, tan universal.\" \/>\n<meta name=\"robots\" content=\"index, follow, max-snippet:-1, max-image-preview:large, max-video-preview:-1\" \/>\n<link rel=\"canonical\" href=\"https:\/\/www.laertes.es\/ca\/llibre\/mi-cuaderno-morado\/\" \/>\n<meta property=\"og:locale\" content=\"ca_ES\" \/>\n<meta property=\"og:type\" content=\"article\" \/>\n<meta property=\"og:title\" content=\"Mi cuaderno morado | Laertes ediciones\" \/>\n<meta property=\"og:description\" content=\"Mi cuaderno morado nos sumerge en un mar de recuerdos por sus viajes de ida y vuelta en ese mundo tan personal y, a la vez, tan universal.\" \/>\n<meta property=\"og:url\" content=\"https:\/\/www.laertes.es\/ca\/llibre\/mi-cuaderno-morado\/\" \/>\n<meta property=\"og:site_name\" content=\"Laertes ediciones\" \/>\n<meta property=\"article:modified_time\" content=\"2023-10-03T17:47:15+00:00\" \/>\n<meta property=\"og:image\" content=\"https:\/\/www.laertes.es\/wp-content\/uploads\/2023\/06\/NAN097.webp\" \/>\n\t<meta property=\"og:image:width\" content=\"802\" \/>\n\t<meta property=\"og:image:height\" content=\"1200\" \/>\n\t<meta property=\"og:image:type\" content=\"image\/webp\" \/>\n<meta name=\"twitter:label1\" content=\"Temps estimat de lectura\" \/>\n\t<meta name=\"twitter:data1\" content=\"2 minuts\" \/>\n<script type=\"application\/ld+json\" class=\"yoast-schema-graph\">{\"@context\":\"https:\\\/\\\/schema.org\",\"@graph\":[{\"@type\":\"WebPage\",\"@id\":\"https:\\\/\\\/www.laertes.es\\\/ca\\\/llibre\\\/mi-cuaderno-morado\\\/\",\"url\":\"https:\\\/\\\/www.laertes.es\\\/ca\\\/llibre\\\/mi-cuaderno-morado\\\/\",\"name\":\"Mi cuaderno morado | Laertes ediciones\",\"isPartOf\":{\"@id\":\"https:\\\/\\\/www.laertes.es\\\/ca\\\/#website\"},\"primaryImageOfPage\":{\"@id\":\"https:\\\/\\\/www.laertes.es\\\/ca\\\/llibre\\\/mi-cuaderno-morado\\\/#primaryimage\"},\"image\":{\"@id\":\"https:\\\/\\\/www.laertes.es\\\/ca\\\/llibre\\\/mi-cuaderno-morado\\\/#primaryimage\"},\"thumbnailUrl\":\"https:\\\/\\\/www.laertes.es\\\/wp-content\\\/uploads\\\/2023\\\/06\\\/NAN097.webp\",\"datePublished\":\"2023-06-29T07:14:45+00:00\",\"dateModified\":\"2023-10-03T17:47:15+00:00\",\"description\":\"Mi cuaderno morado nos sumerge en un mar de recuerdos por sus viajes de ida y vuelta en ese mundo tan personal y, a la vez, tan universal.\",\"breadcrumb\":{\"@id\":\"https:\\\/\\\/www.laertes.es\\\/ca\\\/llibre\\\/mi-cuaderno-morado\\\/#breadcrumb\"},\"inLanguage\":\"ca\",\"potentialAction\":[{\"@type\":\"ReadAction\",\"target\":[\"https:\\\/\\\/www.laertes.es\\\/ca\\\/llibre\\\/mi-cuaderno-morado\\\/\"]}]},{\"@type\":\"ImageObject\",\"inLanguage\":\"ca\",\"@id\":\"https:\\\/\\\/www.laertes.es\\\/ca\\\/llibre\\\/mi-cuaderno-morado\\\/#primaryimage\",\"url\":\"https:\\\/\\\/www.laertes.es\\\/wp-content\\\/uploads\\\/2023\\\/06\\\/NAN097.webp\",\"contentUrl\":\"https:\\\/\\\/www.laertes.es\\\/wp-content\\\/uploads\\\/2023\\\/06\\\/NAN097.webp\",\"width\":802,\"height\":1200,\"caption\":\"Mi cuaderno morado\"},{\"@type\":\"BreadcrumbList\",\"@id\":\"https:\\\/\\\/www.laertes.es\\\/ca\\\/llibre\\\/mi-cuaderno-morado\\\/#breadcrumb\",\"itemListElement\":[{\"@type\":\"ListItem\",\"position\":1,\"name\":\"Portada\",\"item\":\"https:\\\/\\\/www.laertes.es\\\/ca\\\/\"},{\"@type\":\"ListItem\",\"position\":2,\"name\":\"Tienda\",\"item\":\"https:\\\/\\\/www.laertes.es\\\/tienda\\\/\"},{\"@type\":\"ListItem\",\"position\":3,\"name\":\"Mi cuaderno morado\"}]},{\"@type\":\"WebSite\",\"@id\":\"https:\\\/\\\/www.laertes.es\\\/ca\\\/#website\",\"url\":\"https:\\\/\\\/www.laertes.es\\\/ca\\\/\",\"name\":\"Laertes Ediciones\",\"description\":\"Editorial independiente desde 1975\",\"alternateName\":\"Laertes\",\"potentialAction\":[{\"@type\":\"SearchAction\",\"target\":{\"@type\":\"EntryPoint\",\"urlTemplate\":\"https:\\\/\\\/www.laertes.es\\\/ca\\\/?s={search_term_string}\"},\"query-input\":{\"@type\":\"PropertyValueSpecification\",\"valueRequired\":true,\"valueName\":\"search_term_string\"}}],\"inLanguage\":\"ca\"}]}<\/script>\n<!-- \/ Yoast SEO plugin. -->","yoast_head_json":{"title":"Mi cuaderno morado | Laertes ediciones","description":"Mi cuaderno morado nos sumerge en un mar de recuerdos por sus viajes de ida y vuelta en ese mundo tan personal y, a la vez, tan universal.","robots":{"index":"index","follow":"follow","max-snippet":"max-snippet:-1","max-image-preview":"max-image-preview:large","max-video-preview":"max-video-preview:-1"},"canonical":"https:\/\/www.laertes.es\/ca\/llibre\/mi-cuaderno-morado\/","og_locale":"ca_ES","og_type":"article","og_title":"Mi cuaderno morado | Laertes ediciones","og_description":"Mi cuaderno morado nos sumerge en un mar de recuerdos por sus viajes de ida y vuelta en ese mundo tan personal y, a la vez, tan universal.","og_url":"https:\/\/www.laertes.es\/ca\/llibre\/mi-cuaderno-morado\/","og_site_name":"Laertes ediciones","article_modified_time":"2023-10-03T17:47:15+00:00","og_image":[{"width":802,"height":1200,"url":"https:\/\/www.laertes.es\/wp-content\/uploads\/2023\/06\/NAN097.webp","type":"image\/webp"}],"twitter_misc":{"Temps estimat de lectura":"2 minuts"},"schema":{"@context":"https:\/\/schema.org","@graph":[{"@type":"WebPage","@id":"https:\/\/www.laertes.es\/ca\/llibre\/mi-cuaderno-morado\/","url":"https:\/\/www.laertes.es\/ca\/llibre\/mi-cuaderno-morado\/","name":"Mi cuaderno morado | Laertes ediciones","isPartOf":{"@id":"https:\/\/www.laertes.es\/ca\/#website"},"primaryImageOfPage":{"@id":"https:\/\/www.laertes.es\/ca\/llibre\/mi-cuaderno-morado\/#primaryimage"},"image":{"@id":"https:\/\/www.laertes.es\/ca\/llibre\/mi-cuaderno-morado\/#primaryimage"},"thumbnailUrl":"https:\/\/www.laertes.es\/wp-content\/uploads\/2023\/06\/NAN097.webp","datePublished":"2023-06-29T07:14:45+00:00","dateModified":"2023-10-03T17:47:15+00:00","description":"Mi cuaderno morado nos sumerge en un mar de recuerdos por sus viajes de ida y vuelta en ese mundo tan personal y, a la vez, tan universal.","breadcrumb":{"@id":"https:\/\/www.laertes.es\/ca\/llibre\/mi-cuaderno-morado\/#breadcrumb"},"inLanguage":"ca","potentialAction":[{"@type":"ReadAction","target":["https:\/\/www.laertes.es\/ca\/llibre\/mi-cuaderno-morado\/"]}]},{"@type":"ImageObject","inLanguage":"ca","@id":"https:\/\/www.laertes.es\/ca\/llibre\/mi-cuaderno-morado\/#primaryimage","url":"https:\/\/www.laertes.es\/wp-content\/uploads\/2023\/06\/NAN097.webp","contentUrl":"https:\/\/www.laertes.es\/wp-content\/uploads\/2023\/06\/NAN097.webp","width":802,"height":1200,"caption":"Mi cuaderno morado"},{"@type":"BreadcrumbList","@id":"https:\/\/www.laertes.es\/ca\/llibre\/mi-cuaderno-morado\/#breadcrumb","itemListElement":[{"@type":"ListItem","position":1,"name":"Portada","item":"https:\/\/www.laertes.es\/ca\/"},{"@type":"ListItem","position":2,"name":"Tienda","item":"https:\/\/www.laertes.es\/tienda\/"},{"@type":"ListItem","position":3,"name":"Mi cuaderno morado"}]},{"@type":"WebSite","@id":"https:\/\/www.laertes.es\/ca\/#website","url":"https:\/\/www.laertes.es\/ca\/","name":"Laertes Ediciones","description":"Editorial independiente desde 1975","alternateName":"Laertes","potentialAction":[{"@type":"SearchAction","target":{"@type":"EntryPoint","urlTemplate":"https:\/\/www.laertes.es\/ca\/?s={search_term_string}"},"query-input":{"@type":"PropertyValueSpecification","valueRequired":true,"valueName":"search_term_string"}}],"inLanguage":"ca"}]}},"_links":{"self":[{"href":"https:\/\/www.laertes.es\/ca\/wp-json\/wp\/v2\/product\/14679","targetHints":{"allow":["GET"]}}],"collection":[{"href":"https:\/\/www.laertes.es\/ca\/wp-json\/wp\/v2\/product"}],"about":[{"href":"https:\/\/www.laertes.es\/ca\/wp-json\/wp\/v2\/types\/product"}],"version-history":[{"count":1,"href":"https:\/\/www.laertes.es\/ca\/wp-json\/wp\/v2\/product\/14679\/revisions"}],"predecessor-version":[{"id":14760,"href":"https:\/\/www.laertes.es\/ca\/wp-json\/wp\/v2\/product\/14679\/revisions\/14760"}],"wp:featuredmedia":[{"embeddable":true,"href":"https:\/\/www.laertes.es\/ca\/wp-json\/wp\/v2\/media\/14677"}],"wp:attachment":[{"href":"https:\/\/www.laertes.es\/ca\/wp-json\/wp\/v2\/media?parent=14679"}],"wp:term":[{"taxonomy":"product_brand","embeddable":true,"href":"https:\/\/www.laertes.es\/ca\/wp-json\/wp\/v2\/product_brand?post=14679"},{"taxonomy":"product_cat","embeddable":true,"href":"https:\/\/www.laertes.es\/ca\/wp-json\/wp\/v2\/product_cat?post=14679"},{"taxonomy":"product_tag","embeddable":true,"href":"https:\/\/www.laertes.es\/ca\/wp-json\/wp\/v2\/product_tag?post=14679"},{"taxonomy":"autores","embeddable":true,"href":"https:\/\/www.laertes.es\/ca\/wp-json\/wp\/v2\/autores?post=14679"},{"taxonomy":"formatos","embeddable":true,"href":"https:\/\/www.laertes.es\/ca\/wp-json\/wp\/v2\/formatos?post=14679"},{"taxonomy":"materias","embeddable":true,"href":"https:\/\/www.laertes.es\/ca\/wp-json\/wp\/v2\/materias?post=14679"}],"curies":[{"name":"wp","href":"https:\/\/api.w.org\/{rel}","templated":true}]}}

<h1>Mi cuaderno morado</h1>
<p>Mi cuaderno morado, quizás el más ambicioso y heterodoxo de los que ha escrito, Ana María Briongos nos sumerge en un mar de recuerdos por sus viajes de ida y vuelta en ese mundo tan personal y, a la vez tan universal. Traza con mano firme un tapiz que nos traslada desde la Barcelona franquista, hasta el Berkeley de hoy día incluida su panda de amigos.<br />
<strong>     </strong>Desde Fontllonga, en Lleida, volamos en zigzags hasta Goa, Beirut, Alejandría, Damasco, Nueva Delhi, Badgad, Teherán (del sha y el de Jomeini), Kandahar y Herat (ambas antes de los talibanes), la Formentera de Pau Riba, el Big Sur de hoy, Carmel, y un sinfín de escenarios fascinantes, en los que nos sentimos inmersos porque todos tienen una historia que contarnos. Mi cuaderno morado<br />
<strong>     </strong>Este libro es también y a la vez resumen involuntario de una época protagonizada por los personajes más diversos. Conocemos Barcelona de la mano de Don Restituto y Doña Luisa, padres de la escritora, paseamos y corremos por las callejuelas de la Ciudad Condal con Tàpies, Montserrat Roig, Miquel Horta, Gato Pérez, Joan Manuel Serrat, Manuel Sacristán, Pilar Brabo, Manolo Vázquez Montalbán, Salvador Clotas, Jordi Solé Tura y la extensa familia Maragall. Seguimos a Víctor Jou, a Ricardo Bofill y a tantos otros personajes que los lectores irán descubriendo página a página.<br />
<strong>     </strong>Las reflexiones impagables y alucinadas de todos ellos, los acontecimientos, la iniciación a la vida, y a las drogas, la pérdida de la inocencia, el riesgo de la aventura, los contratiempos del viaje. Todo ello gracias al poderoso aliento de vida que arrastra consigo Ana María Briongos. Ese es el verdadero acicate que nos moverá a leer este cuaderno como si fuera el mejor de los cuentos de Las mil y una noches.</p>

<p>Mi cuaderno morado Mi cuaderno morado, quizás el más ambicioso y heterodoxo de los que ha escrito, Ana María Briongos</p>
