{"id":14128,"date":"2023-05-25T15:36:21","date_gmt":"2023-05-25T15:36:21","guid":{"rendered":"https:\/libro\/cartas-del-viaje-a-oriente\/"},"modified":"2023-05-27T03:12:48","modified_gmt":"2023-05-27T03:12:48","slug":"cartas-del-viaje-a-oriente","status":"publish","type":"product","link":"https:\/\/www.laertes.es\/ca\/llibre\/cartas-del-viaje-a-oriente\/","title":{"rendered":"Cartas del viaje a Oriente"},"content":{"rendered":"<h1>Cartas del viaje a Oriente<\/h1>\n<p>Cartas del viaje a Oriente Entre los meses de octubre de 1849 y de junio de 1851, Gustave Flaubert, a la edad de veintiocho a\u00f1os, llev\u00f3 a cabo un largo viaje por el Oriente, que ha llegado a ser considerado como el episodio m\u00e1s importante de su vida. \u00abSu viaje a Egipto fue el hecho capital de su existencia. Su genio encuentra en \u00e9l su forma definitiva y se precisa en sus tendencias\u00bb, anot\u00f3 ya alguien de forma taxativa en el momento del \u00abredescubrimiento\u00bb de Flaubert a comienzos del siglo pasado. Editorial Laertes se complace en reeditar el libro que posee el m\u00e9rito suplementarios de haber sido la primera traducci\u00f3n que se hizo al castellano de un bloque importante de su Correspondencia, una de las m\u00e1s celebradas en la literatura occidental. Hoy abundan las traducciones de otros bloques no menos importantes (Correspondencia con Turgueniev, George Sand, Louise Colet), pero nunca tan intensos y determinantes para la vida del escritor.<\/p>\n<p>Entre los meses de octubre de 1849 y de junio de 1851, Gustave Flaubert, a la edad de veintiocho a\u00f1os, llev\u00f3 a cabo un largo viaje por el Oriente, que ha llegado a ser considerado como el episodio m\u00e1s importante de su vida. \u00abSu viaje a Egipto fue el hecho capital de su existencia. Su genio encuentra en \u00e9l su forma definitiva y se precisa en sus tendencias\u00bb, anot\u00f3 ya alguien de forma taxativa en el momento del \u00abredescubrimiento\u00bb de Flaubert a comienzos del siglo pasado. Editorial Laertes se complace en reeditar el libro que posee el m\u00e9rito suplementarios de haber sido la primera traducci\u00f3n que se hizo al castellano de un bloque importante de su Correspondencia, una de las m\u00e1s celebradas en la literatura occidental. Hoy abundan las traducciones de otros bloques no menos importantes (Correspondencia con Turgueniev, George Sand, Louise Colet), pero nunca tan intensos y determinantes para la vida del escritor.<\/p>\n","protected":false},"excerpt":{"rendered":"<p>Cartas del viaje a Oriente Cartas del viaje a Oriente Entre los meses de octubre de 1849 y de junio<\/p>\n","protected":false},"featured_media":14141,"template":"","meta":[],"product_brand":[],"product_cat":[339],"product_tag":[1376,818,641],"autores":[1377],"formatos":[355],"materias":[375],"class_list":{"0":"post-14128","1":"product","2":"type-product","3":"status-publish","4":"has-post-thumbnail","6":"product_cat-nan-shan-ca","7":"product_tag-correspondencia-ca","8":"product_tag-cronicas-de-viaje-ca","9":"product_tag-literatura-de-viajes-ca","10":"autores-flaubert-gustave-ca","11":"formatos-llibre","12":"materias-literatura-de-viajes-ca","14":"first","15":"instock","16":"taxable","17":"shipping-taxable","18":"purchasable","19":"product-type-simple"},"yoast_head":"<!-- This site is optimized with the Yoast SEO plugin v27.5 - https:\/\/yoast.com\/product\/yoast-seo-wordpress\/ -->\n<title>Cartas del viaje a Oriente | Laertes ediciones<\/title>\n<meta name=\"description\" content=\"Entre los meses de octubre de 1849 y de junio de 1851, Gustave Flaubert llev\u00f3 a cabo un largo viaje por el Oriente. | Cartas del viaje a Oriente\" \/>\n<meta name=\"robots\" content=\"index, follow, max-snippet:-1, max-image-preview:large, max-video-preview:-1\" \/>\n<link rel=\"canonical\" href=\"https:\/\/www.laertes.es\/ca\/llibre\/cartas-del-viaje-a-oriente\/\" \/>\n<meta property=\"og:locale\" content=\"ca_ES\" \/>\n<meta property=\"og:type\" content=\"article\" \/>\n<meta property=\"og:title\" content=\"Cartas del viaje a Oriente | Laertes ediciones\" \/>\n<meta property=\"og:description\" content=\"Entre los meses de octubre de 1849 y de junio de 1851, Gustave Flaubert llev\u00f3 a cabo un largo viaje por el Oriente. | Cartas del viaje a Oriente\" \/>\n<meta property=\"og:url\" content=\"https:\/\/www.laertes.es\/ca\/llibre\/cartas-del-viaje-a-oriente\/\" \/>\n<meta property=\"og:site_name\" content=\"Laertes ediciones\" \/>\n<meta property=\"article:modified_time\" content=\"2023-05-27T03:12:48+00:00\" \/>\n<meta property=\"og:image\" content=\"https:\/\/www.laertes.es\/wp-content\/uploads\/2023\/05\/NAN029.webp\" \/>\n\t<meta property=\"og:image:width\" content=\"802\" \/>\n\t<meta property=\"og:image:height\" content=\"1200\" \/>\n\t<meta property=\"og:image:type\" content=\"image\/webp\" \/>\n<script type=\"application\/ld+json\" class=\"yoast-schema-graph\">{\"@context\":\"https:\\\/\\\/schema.org\",\"@graph\":[{\"@type\":\"WebPage\",\"@id\":\"https:\\\/\\\/www.laertes.es\\\/ca\\\/llibre\\\/cartas-del-viaje-a-oriente\\\/\",\"url\":\"https:\\\/\\\/www.laertes.es\\\/ca\\\/llibre\\\/cartas-del-viaje-a-oriente\\\/\",\"name\":\"Cartas del viaje a Oriente | Laertes ediciones\",\"isPartOf\":{\"@id\":\"https:\\\/\\\/www.laertes.es\\\/ca\\\/#website\"},\"primaryImageOfPage\":{\"@id\":\"https:\\\/\\\/www.laertes.es\\\/ca\\\/llibre\\\/cartas-del-viaje-a-oriente\\\/#primaryimage\"},\"image\":{\"@id\":\"https:\\\/\\\/www.laertes.es\\\/ca\\\/llibre\\\/cartas-del-viaje-a-oriente\\\/#primaryimage\"},\"thumbnailUrl\":\"https:\\\/\\\/www.laertes.es\\\/wp-content\\\/uploads\\\/2023\\\/05\\\/NAN029.webp\",\"datePublished\":\"2023-05-25T15:36:21+00:00\",\"dateModified\":\"2023-05-27T03:12:48+00:00\",\"description\":\"Entre los meses de octubre de 1849 y de junio de 1851, Gustave Flaubert llev\u00f3 a cabo un largo viaje por el Oriente. | Cartas del viaje a Oriente\",\"breadcrumb\":{\"@id\":\"https:\\\/\\\/www.laertes.es\\\/ca\\\/llibre\\\/cartas-del-viaje-a-oriente\\\/#breadcrumb\"},\"inLanguage\":\"ca\",\"potentialAction\":[{\"@type\":\"ReadAction\",\"target\":[\"https:\\\/\\\/www.laertes.es\\\/ca\\\/llibre\\\/cartas-del-viaje-a-oriente\\\/\"]}]},{\"@type\":\"ImageObject\",\"inLanguage\":\"ca\",\"@id\":\"https:\\\/\\\/www.laertes.es\\\/ca\\\/llibre\\\/cartas-del-viaje-a-oriente\\\/#primaryimage\",\"url\":\"https:\\\/\\\/www.laertes.es\\\/wp-content\\\/uploads\\\/2023\\\/05\\\/NAN029.webp\",\"contentUrl\":\"https:\\\/\\\/www.laertes.es\\\/wp-content\\\/uploads\\\/2023\\\/05\\\/NAN029.webp\",\"width\":802,\"height\":1200,\"caption\":\"Cartas del viaje a Oriente\"},{\"@type\":\"BreadcrumbList\",\"@id\":\"https:\\\/\\\/www.laertes.es\\\/ca\\\/llibre\\\/cartas-del-viaje-a-oriente\\\/#breadcrumb\",\"itemListElement\":[{\"@type\":\"ListItem\",\"position\":1,\"name\":\"Portada\",\"item\":\"https:\\\/\\\/www.laertes.es\\\/ca\\\/\"},{\"@type\":\"ListItem\",\"position\":2,\"name\":\"Tienda\",\"item\":\"https:\\\/\\\/www.laertes.es\\\/tienda\\\/\"},{\"@type\":\"ListItem\",\"position\":3,\"name\":\"Cartas del viaje a Oriente\"}]},{\"@type\":\"WebSite\",\"@id\":\"https:\\\/\\\/www.laertes.es\\\/ca\\\/#website\",\"url\":\"https:\\\/\\\/www.laertes.es\\\/ca\\\/\",\"name\":\"Laertes Ediciones\",\"description\":\"Editorial independiente desde 1975\",\"alternateName\":\"Laertes\",\"potentialAction\":[{\"@type\":\"SearchAction\",\"target\":{\"@type\":\"EntryPoint\",\"urlTemplate\":\"https:\\\/\\\/www.laertes.es\\\/ca\\\/?s={search_term_string}\"},\"query-input\":{\"@type\":\"PropertyValueSpecification\",\"valueRequired\":true,\"valueName\":\"search_term_string\"}}],\"inLanguage\":\"ca\"}]}<\/script>\n<!-- \/ Yoast SEO plugin. -->","yoast_head_json":{"title":"Cartas del viaje a Oriente | Laertes ediciones","description":"Entre los meses de octubre de 1849 y de junio de 1851, Gustave Flaubert llev\u00f3 a cabo un largo viaje por el Oriente. | Cartas del viaje a Oriente","robots":{"index":"index","follow":"follow","max-snippet":"max-snippet:-1","max-image-preview":"max-image-preview:large","max-video-preview":"max-video-preview:-1"},"canonical":"https:\/\/www.laertes.es\/ca\/llibre\/cartas-del-viaje-a-oriente\/","og_locale":"ca_ES","og_type":"article","og_title":"Cartas del viaje a Oriente | Laertes ediciones","og_description":"Entre los meses de octubre de 1849 y de junio de 1851, Gustave Flaubert llev\u00f3 a cabo un largo viaje por el Oriente. | Cartas del viaje a Oriente","og_url":"https:\/\/www.laertes.es\/ca\/llibre\/cartas-del-viaje-a-oriente\/","og_site_name":"Laertes ediciones","article_modified_time":"2023-05-27T03:12:48+00:00","og_image":[{"width":802,"height":1200,"url":"https:\/\/www.laertes.es\/wp-content\/uploads\/2023\/05\/NAN029.webp","type":"image\/webp"}],"schema":{"@context":"https:\/\/schema.org","@graph":[{"@type":"WebPage","@id":"https:\/\/www.laertes.es\/ca\/llibre\/cartas-del-viaje-a-oriente\/","url":"https:\/\/www.laertes.es\/ca\/llibre\/cartas-del-viaje-a-oriente\/","name":"Cartas del viaje a Oriente | Laertes ediciones","isPartOf":{"@id":"https:\/\/www.laertes.es\/ca\/#website"},"primaryImageOfPage":{"@id":"https:\/\/www.laertes.es\/ca\/llibre\/cartas-del-viaje-a-oriente\/#primaryimage"},"image":{"@id":"https:\/\/www.laertes.es\/ca\/llibre\/cartas-del-viaje-a-oriente\/#primaryimage"},"thumbnailUrl":"https:\/\/www.laertes.es\/wp-content\/uploads\/2023\/05\/NAN029.webp","datePublished":"2023-05-25T15:36:21+00:00","dateModified":"2023-05-27T03:12:48+00:00","description":"Entre los meses de octubre de 1849 y de junio de 1851, Gustave Flaubert llev\u00f3 a cabo un largo viaje por el Oriente. | Cartas del viaje a Oriente","breadcrumb":{"@id":"https:\/\/www.laertes.es\/ca\/llibre\/cartas-del-viaje-a-oriente\/#breadcrumb"},"inLanguage":"ca","potentialAction":[{"@type":"ReadAction","target":["https:\/\/www.laertes.es\/ca\/llibre\/cartas-del-viaje-a-oriente\/"]}]},{"@type":"ImageObject","inLanguage":"ca","@id":"https:\/\/www.laertes.es\/ca\/llibre\/cartas-del-viaje-a-oriente\/#primaryimage","url":"https:\/\/www.laertes.es\/wp-content\/uploads\/2023\/05\/NAN029.webp","contentUrl":"https:\/\/www.laertes.es\/wp-content\/uploads\/2023\/05\/NAN029.webp","width":802,"height":1200,"caption":"Cartas del viaje a Oriente"},{"@type":"BreadcrumbList","@id":"https:\/\/www.laertes.es\/ca\/llibre\/cartas-del-viaje-a-oriente\/#breadcrumb","itemListElement":[{"@type":"ListItem","position":1,"name":"Portada","item":"https:\/\/www.laertes.es\/ca\/"},{"@type":"ListItem","position":2,"name":"Tienda","item":"https:\/\/www.laertes.es\/tienda\/"},{"@type":"ListItem","position":3,"name":"Cartas del viaje a Oriente"}]},{"@type":"WebSite","@id":"https:\/\/www.laertes.es\/ca\/#website","url":"https:\/\/www.laertes.es\/ca\/","name":"Laertes Ediciones","description":"Editorial independiente desde 1975","alternateName":"Laertes","potentialAction":[{"@type":"SearchAction","target":{"@type":"EntryPoint","urlTemplate":"https:\/\/www.laertes.es\/ca\/?s={search_term_string}"},"query-input":{"@type":"PropertyValueSpecification","valueRequired":true,"valueName":"search_term_string"}}],"inLanguage":"ca"}]}},"_links":{"self":[{"href":"https:\/\/www.laertes.es\/ca\/wp-json\/wp\/v2\/product\/14128","targetHints":{"allow":["GET"]}}],"collection":[{"href":"https:\/\/www.laertes.es\/ca\/wp-json\/wp\/v2\/product"}],"about":[{"href":"https:\/\/www.laertes.es\/ca\/wp-json\/wp\/v2\/types\/product"}],"version-history":[{"count":1,"href":"https:\/\/www.laertes.es\/ca\/wp-json\/wp\/v2\/product\/14128\/revisions"}],"predecessor-version":[{"id":14143,"href":"https:\/\/www.laertes.es\/ca\/wp-json\/wp\/v2\/product\/14128\/revisions\/14143"}],"wp:featuredmedia":[{"embeddable":true,"href":"https:\/\/www.laertes.es\/ca\/wp-json\/wp\/v2\/media\/14141"}],"wp:attachment":[{"href":"https:\/\/www.laertes.es\/ca\/wp-json\/wp\/v2\/media?parent=14128"}],"wp:term":[{"taxonomy":"product_brand","embeddable":true,"href":"https:\/\/www.laertes.es\/ca\/wp-json\/wp\/v2\/product_brand?post=14128"},{"taxonomy":"product_cat","embeddable":true,"href":"https:\/\/www.laertes.es\/ca\/wp-json\/wp\/v2\/product_cat?post=14128"},{"taxonomy":"product_tag","embeddable":true,"href":"https:\/\/www.laertes.es\/ca\/wp-json\/wp\/v2\/product_tag?post=14128"},{"taxonomy":"autores","embeddable":true,"href":"https:\/\/www.laertes.es\/ca\/wp-json\/wp\/v2\/autores?post=14128"},{"taxonomy":"formatos","embeddable":true,"href":"https:\/\/www.laertes.es\/ca\/wp-json\/wp\/v2\/formatos?post=14128"},{"taxonomy":"materias","embeddable":true,"href":"https:\/\/www.laertes.es\/ca\/wp-json\/wp\/v2\/materias?post=14128"}],"curies":[{"name":"wp","href":"https:\/\/api.w.org\/{rel}","templated":true}]}}

<h1>Cartas del viaje a Oriente</h1>
<p>Cartas del viaje a Oriente Entre los meses de octubre de 1849 y de junio de 1851, Gustave Flaubert, a la edad de veintiocho años, llevó a cabo un largo viaje por el Oriente, que ha llegado a ser considerado como el episodio más importante de su vida. «Su viaje a Egipto fue el hecho capital de su existencia. Su genio encuentra en él su forma definitiva y se precisa en sus tendencias», anotó ya alguien de forma taxativa en el momento del «redescubrimiento» de Flaubert a comienzos del siglo pasado. Editorial Laertes se complace en reeditar el libro que posee el mérito suplementarios de haber sido la primera traducción que se hizo al castellano de un bloque importante de su Correspondencia, una de las más celebradas en la literatura occidental. Hoy abundan las traducciones de otros bloques no menos importantes (Correspondencia con Turgueniev, George Sand, Louise Colet), pero nunca tan intensos y determinantes para la vida del escritor.</p>
<p>Entre los meses de octubre de 1849 y de junio de 1851, Gustave Flaubert, a la edad de veintiocho años, llevó a cabo un largo viaje por el Oriente, que ha llegado a ser considerado como el episodio más importante de su vida. «Su viaje a Egipto fue el hecho capital de su existencia. Su genio encuentra en él su forma definitiva y se precisa en sus tendencias», anotó ya alguien de forma taxativa en el momento del «redescubrimiento» de Flaubert a comienzos del siglo pasado. Editorial Laertes se complace en reeditar el libro que posee el mérito suplementarios de haber sido la primera traducción que se hizo al castellano de un bloque importante de su Correspondencia, una de las más celebradas en la literatura occidental. Hoy abundan las traducciones de otros bloques no menos importantes (Correspondencia con Turgueniev, George Sand, Louise Colet), pero nunca tan intensos y determinantes para la vida del escritor.</p>

<!-- This site is optimized with the Yoast SEO plugin v27.5 - https://yoast.com/product/yoast-seo-wordpress/ -->
<title>Cartas del viaje a Oriente | Laertes ediciones</title>
<meta name="description" content="Entre los meses de octubre de 1849 y de junio de 1851, Gustave Flaubert llevó a cabo un largo viaje por el Oriente. | Cartas del viaje a Oriente" />
<meta name="robots" content="index, follow, max-snippet:-1, max-image-preview:large, max-video-preview:-1" />
<link rel="canonical" href="https://www.laertes.es/ca/llibre/cartas-del-viaje-a-oriente/" />
<meta property="og:locale" content="ca_ES" />
<meta property="og:type" content="article" />
<meta property="og:title" content="Cartas del viaje a Oriente | Laertes ediciones" />
<meta property="og:description" content="Entre los meses de octubre de 1849 y de junio de 1851, Gustave Flaubert llevó a cabo un largo viaje por el Oriente. | Cartas del viaje a Oriente" />
<meta property="og:url" content="https://www.laertes.es/ca/llibre/cartas-del-viaje-a-oriente/" />
<meta property="og:site_name" content="Laertes ediciones" />
<meta property="article:modified_time" content="2023-05-27T03:12:48+00:00" />
<meta property="og:image" content="https://www.laertes.es/wp-content/uploads/2023/05/NAN029.webp" />
	<meta property="og:image:width" content="802" />
	<meta property="og:image:height" content="1200" />
	<meta property="og:image:type" content="image/webp" />
<script type="application/ld+json" class="yoast-schema-graph">{"@context":"https:\/\/schema.org","@graph":[{"@type":"WebPage","@id":"https:\/\/www.laertes.es\/ca\/llibre\/cartas-del-viaje-a-oriente\/","url":"https:\/\/www.laertes.es\/ca\/llibre\/cartas-del-viaje-a-oriente\/","name":"Cartas del viaje a Oriente | Laertes ediciones","isPartOf":{"@id":"https:\/\/www.laertes.es\/ca\/#website"},"primaryImageOfPage":{"@id":"https:\/\/www.laertes.es\/ca\/llibre\/cartas-del-viaje-a-oriente\/#primaryimage"},"image":{"@id":"https:\/\/www.laertes.es\/ca\/llibre\/cartas-del-viaje-a-oriente\/#primaryimage"},"thumbnailUrl":"https:\/\/www.laertes.es\/wp-content\/uploads\/2023\/05\/NAN029.webp","datePublished":"2023-05-25T15:36:21+00:00","dateModified":"2023-05-27T03:12:48+00:00","description":"Entre los meses de octubre de 1849 y de junio de 1851, Gustave Flaubert llevó a cabo un largo viaje por el Oriente. | Cartas del viaje a Oriente","breadcrumb":{"@id":"https:\/\/www.laertes.es\/ca\/llibre\/cartas-del-viaje-a-oriente\/#breadcrumb"},"inLanguage":"ca","potentialAction":[{"@type":"ReadAction","target":["https:\/\/www.laertes.es\/ca\/llibre\/cartas-del-viaje-a-oriente\/"]}]},{"@type":"ImageObject","inLanguage":"ca","@id":"https:\/\/www.laertes.es\/ca\/llibre\/cartas-del-viaje-a-oriente\/#primaryimage","url":"https:\/\/www.laertes.es\/wp-content\/uploads\/2023\/05\/NAN029.webp","contentUrl":"https:\/\/www.laertes.es\/wp-content\/uploads\/2023\/05\/NAN029.webp","width":802,"height":1200,"caption":"Cartas del viaje a Oriente"},{"@type":"BreadcrumbList","@id":"https:\/\/www.laertes.es\/ca\/llibre\/cartas-del-viaje-a-oriente\/#breadcrumb","itemListElement":[{"@type":"ListItem","position":1,"name":"Portada","item":"https:\/\/www.laertes.es\/ca\/"},{"@type":"ListItem","position":2,"name":"Tienda","item":"https:\/\/www.laertes.es\/tienda\/"},{"@type":"ListItem","position":3,"name":"Cartas del viaje a Oriente"}]},{"@type":"WebSite","@id":"https:\/\/www.laertes.es\/ca\/#website","url":"https:\/\/www.laertes.es\/ca\/","name":"Laertes Ediciones","description":"Editorial independiente desde 1975","alternateName":"Laertes","potentialAction":[{"@type":"SearchAction","target":{"@type":"EntryPoint","urlTemplate":"https:\/\/www.laertes.es\/ca\/?s={search_term_string}"},"query-input":{"@type":"PropertyValueSpecification","valueRequired":true,"valueName":"search_term_string"}}],"inLanguage":"ca"}]}</script>
<!-- / Yoast SEO plugin. -->

Entre los meses de octubre de 1849 y de junio de 1851, Gustave Flaubert llevó a cabo un largo viaje por el Oriente. | Cartas del viaje a Oriente
