{"id":13757,"date":"2023-05-10T05:55:19","date_gmt":"2023-05-10T05:55:19","guid":{"rendered":"https:\/libro\/los-hijos-de-abraham\/"},"modified":"2023-05-18T13:19:03","modified_gmt":"2023-05-18T13:19:03","slug":"los-hijos-de-abraham","status":"publish","type":"product","link":"https:\/\/www.laertes.es\/ca\/llibre\/los-hijos-de-abraham\/","title":{"rendered":"Los hijos de Abraham"},"content":{"rendered":"<p>Los hijos de Abraham<\/p>\n<p>La publicaci\u00f3n de una edici\u00f3n revisada y sustancialmente reescrita de <em>Los hijos de Abraham<\/em>, de F.E. Peters es importante por dos razones esenciales. Ante todo, se\u00f1ala la validez persistente de esta obra pionera. En segundo lugar, no se puede imaginar un tiempo en que pudiera ser m\u00e1s necesaria. Los problemas de la globalizaci\u00f3n y de la pol\u00edtica internacional, a\u00f1adidos a la importancia inherente de los credos religiosos jud\u00edo, cristiano e isl\u00e1mico, en el siglo XXI, convierten en imperativos la comprensi\u00f3n de estas tres grandes confesiones y el di\u00e1logo entre ellas.<br \/>\n<strong>\u00a0 \u00a0 \u00a0<\/strong>Peters rastrea las tres religiones desde el siglo VI a. de C., cuando los jud\u00edos retornan a Palestina dejando atr\u00e1s el exilio de Babilonia, hasta los tiempos de la Edad Media cuando se aproximan a su forma actual. El autor apunta que las tres religiones, los fieles de las cuales vienen referidos por los musulmanes como a &#8220;la gente del Libro&#8221;, comparten un substrato en com\u00fan. M\u00e1s notablemente, cada una de ellas adopta la pr\u00e1ctica de adorar a un Dios que interviene en la historia en nombre de Su gente.<br \/>\n<strong>\u00a0 \u00a0 \u00a0<\/strong>El texto es directo y accesible, con las m\u00e1s profundas y matizadas discusiones sobre cada uno de los tres credos. Las numerosas notas actualizadas orientan al lector en las enormes complejidades que se esconden en cada l\u00ednea de esta sensacional y oportuna nueva edici\u00f3n de <em>Los hijos de Abraham<\/em>.<\/p>\n<p>La publicaci\u00f3n de una edici\u00f3n revisada y sustancialmente reescrita de <em>Los hijos de Abraham<\/em>, de F.E. Peters es importante por dos razones esenciales. Ante todo, se\u00f1ala la validez persistente de esta obra pionera. En segundo lugar, no se puede imaginar un tiempo en que pudiera ser m\u00e1s necesaria. Los problemas de la globalizaci\u00f3n y de la pol\u00edtica internacional, a\u00f1adidos a la importancia inherente de los credos religiosos jud\u00edo, cristiano e isl\u00e1mico, en el siglo XXI, convierten en imperativos la comprensi\u00f3n de estas tres grandes confesiones y el di\u00e1logo entre ellas.<br \/>\n<strong>\u00a0 \u00a0<\/strong><\/p>\n","protected":false},"excerpt":{"rendered":"<p>Los hijos de Abraham La publicaci\u00f3n de una edici\u00f3n revisada y sustancialmente reescrita de Los hijos de Abraham, de F.E.<\/p>\n","protected":false},"featured_media":13993,"template":"","meta":[],"product_brand":[],"product_cat":[345],"product_tag":[812,1177,657,1178,1179,1180,1072],"autores":[1181],"formatos":[355],"materias":[358,366,381],"class_list":{"0":"post-13757","1":"product","2":"type-product","3":"status-publish","4":"has-post-thumbnail","6":"product_cat-kin-ik-ca","7":"product_tag-antropologia-ca","8":"product_tag-cristianismo-ca","9":"product_tag-ensayo-ca","10":"product_tag-iglesia-ca","11":"product_tag-islamismo-ca","12":"product_tag-judaismo-ca","13":"product_tag-religion-ca","14":"autores-peters-f-e-ca","15":"formatos-llibre","16":"materias-antropologia-ca","17":"materias-ensayo-ca","18":"materias-religion-ca","20":"first","21":"instock","22":"taxable","23":"shipping-taxable","24":"purchasable","25":"product-type-simple"},"yoast_head":"<!-- This site is optimized with the Yoast SEO plugin v27.4 - https:\/\/yoast.com\/product\/yoast-seo-wordpress\/ -->\n<title>Los hijos de Abraham | Laertes ediciones<\/title>\n<meta name=\"description\" content=\"La publicaci\u00f3n de una edici\u00f3n revisada y sustancialmente reescrita de Los hijos de Abraham, de F.E. Peters es importante por dos razones esenciales.\" \/>\n<meta name=\"robots\" content=\"index, follow, max-snippet:-1, max-image-preview:large, max-video-preview:-1\" \/>\n<link rel=\"canonical\" href=\"https:\/\/www.laertes.es\/ca\/llibre\/los-hijos-de-abraham\/\" \/>\n<meta property=\"og:locale\" content=\"ca_ES\" \/>\n<meta property=\"og:type\" content=\"article\" \/>\n<meta property=\"og:title\" content=\"Los hijos de Abraham | Laertes ediciones\" \/>\n<meta property=\"og:description\" content=\"La publicaci\u00f3n de una edici\u00f3n revisada y sustancialmente reescrita de Los hijos de Abraham, de F.E. Peters es importante por dos razones esenciales.\" \/>\n<meta property=\"og:url\" content=\"https:\/\/www.laertes.es\/ca\/llibre\/los-hijos-de-abraham\/\" \/>\n<meta property=\"og:site_name\" content=\"Laertes ediciones\" \/>\n<meta property=\"article:modified_time\" content=\"2023-05-18T13:19:03+00:00\" \/>\n<meta property=\"og:image\" content=\"https:\/\/www.laertes.es\/wp-content\/uploads\/2023\/05\/KN010.webp\" \/>\n\t<meta property=\"og:image:width\" content=\"802\" \/>\n\t<meta property=\"og:image:height\" content=\"1200\" \/>\n\t<meta property=\"og:image:type\" content=\"image\/webp\" \/>\n<script type=\"application\/ld+json\" class=\"yoast-schema-graph\">{\"@context\":\"https:\\\/\\\/schema.org\",\"@graph\":[{\"@type\":\"WebPage\",\"@id\":\"https:\\\/\\\/www.laertes.es\\\/ca\\\/llibre\\\/los-hijos-de-abraham\\\/\",\"url\":\"https:\\\/\\\/www.laertes.es\\\/ca\\\/llibre\\\/los-hijos-de-abraham\\\/\",\"name\":\"Los hijos de Abraham | Laertes ediciones\",\"isPartOf\":{\"@id\":\"https:\\\/\\\/www.laertes.es\\\/ca\\\/#website\"},\"primaryImageOfPage\":{\"@id\":\"https:\\\/\\\/www.laertes.es\\\/ca\\\/llibre\\\/los-hijos-de-abraham\\\/#primaryimage\"},\"image\":{\"@id\":\"https:\\\/\\\/www.laertes.es\\\/ca\\\/llibre\\\/los-hijos-de-abraham\\\/#primaryimage\"},\"thumbnailUrl\":\"https:\\\/\\\/www.laertes.es\\\/wp-content\\\/uploads\\\/2023\\\/05\\\/KN010.webp\",\"datePublished\":\"2023-05-10T05:55:19+00:00\",\"dateModified\":\"2023-05-18T13:19:03+00:00\",\"description\":\"La publicaci\u00f3n de una edici\u00f3n revisada y sustancialmente reescrita de Los hijos de Abraham, de F.E. Peters es importante por dos razones esenciales.\",\"breadcrumb\":{\"@id\":\"https:\\\/\\\/www.laertes.es\\\/ca\\\/llibre\\\/los-hijos-de-abraham\\\/#breadcrumb\"},\"inLanguage\":\"ca\",\"potentialAction\":[{\"@type\":\"ReadAction\",\"target\":[\"https:\\\/\\\/www.laertes.es\\\/ca\\\/llibre\\\/los-hijos-de-abraham\\\/\"]}]},{\"@type\":\"ImageObject\",\"inLanguage\":\"ca\",\"@id\":\"https:\\\/\\\/www.laertes.es\\\/ca\\\/llibre\\\/los-hijos-de-abraham\\\/#primaryimage\",\"url\":\"https:\\\/\\\/www.laertes.es\\\/wp-content\\\/uploads\\\/2023\\\/05\\\/KN010.webp\",\"contentUrl\":\"https:\\\/\\\/www.laertes.es\\\/wp-content\\\/uploads\\\/2023\\\/05\\\/KN010.webp\",\"width\":802,\"height\":1200,\"caption\":\"Los hijos de Abraham\"},{\"@type\":\"BreadcrumbList\",\"@id\":\"https:\\\/\\\/www.laertes.es\\\/ca\\\/llibre\\\/los-hijos-de-abraham\\\/#breadcrumb\",\"itemListElement\":[{\"@type\":\"ListItem\",\"position\":1,\"name\":\"Portada\",\"item\":\"https:\\\/\\\/www.laertes.es\\\/ca\\\/\"},{\"@type\":\"ListItem\",\"position\":2,\"name\":\"Tienda\",\"item\":\"https:\\\/\\\/www.laertes.es\\\/tienda\\\/\"},{\"@type\":\"ListItem\",\"position\":3,\"name\":\"Los hijos de Abraham\"}]},{\"@type\":\"WebSite\",\"@id\":\"https:\\\/\\\/www.laertes.es\\\/ca\\\/#website\",\"url\":\"https:\\\/\\\/www.laertes.es\\\/ca\\\/\",\"name\":\"Laertes Ediciones\",\"description\":\"Editorial independiente desde 1975\",\"alternateName\":\"Laertes\",\"potentialAction\":[{\"@type\":\"SearchAction\",\"target\":{\"@type\":\"EntryPoint\",\"urlTemplate\":\"https:\\\/\\\/www.laertes.es\\\/ca\\\/?s={search_term_string}\"},\"query-input\":{\"@type\":\"PropertyValueSpecification\",\"valueRequired\":true,\"valueName\":\"search_term_string\"}}],\"inLanguage\":\"ca\"}]}<\/script>\n<!-- \/ Yoast SEO plugin. -->","yoast_head_json":{"title":"Los hijos de Abraham | Laertes ediciones","description":"La publicaci\u00f3n de una edici\u00f3n revisada y sustancialmente reescrita de Los hijos de Abraham, de F.E. Peters es importante por dos razones esenciales.","robots":{"index":"index","follow":"follow","max-snippet":"max-snippet:-1","max-image-preview":"max-image-preview:large","max-video-preview":"max-video-preview:-1"},"canonical":"https:\/\/www.laertes.es\/ca\/llibre\/los-hijos-de-abraham\/","og_locale":"ca_ES","og_type":"article","og_title":"Los hijos de Abraham | Laertes ediciones","og_description":"La publicaci\u00f3n de una edici\u00f3n revisada y sustancialmente reescrita de Los hijos de Abraham, de F.E. Peters es importante por dos razones esenciales.","og_url":"https:\/\/www.laertes.es\/ca\/llibre\/los-hijos-de-abraham\/","og_site_name":"Laertes ediciones","article_modified_time":"2023-05-18T13:19:03+00:00","og_image":[{"width":802,"height":1200,"url":"https:\/\/www.laertes.es\/wp-content\/uploads\/2023\/05\/KN010.webp","type":"image\/webp"}],"schema":{"@context":"https:\/\/schema.org","@graph":[{"@type":"WebPage","@id":"https:\/\/www.laertes.es\/ca\/llibre\/los-hijos-de-abraham\/","url":"https:\/\/www.laertes.es\/ca\/llibre\/los-hijos-de-abraham\/","name":"Los hijos de Abraham | Laertes ediciones","isPartOf":{"@id":"https:\/\/www.laertes.es\/ca\/#website"},"primaryImageOfPage":{"@id":"https:\/\/www.laertes.es\/ca\/llibre\/los-hijos-de-abraham\/#primaryimage"},"image":{"@id":"https:\/\/www.laertes.es\/ca\/llibre\/los-hijos-de-abraham\/#primaryimage"},"thumbnailUrl":"https:\/\/www.laertes.es\/wp-content\/uploads\/2023\/05\/KN010.webp","datePublished":"2023-05-10T05:55:19+00:00","dateModified":"2023-05-18T13:19:03+00:00","description":"La publicaci\u00f3n de una edici\u00f3n revisada y sustancialmente reescrita de Los hijos de Abraham, de F.E. Peters es importante por dos razones esenciales.","breadcrumb":{"@id":"https:\/\/www.laertes.es\/ca\/llibre\/los-hijos-de-abraham\/#breadcrumb"},"inLanguage":"ca","potentialAction":[{"@type":"ReadAction","target":["https:\/\/www.laertes.es\/ca\/llibre\/los-hijos-de-abraham\/"]}]},{"@type":"ImageObject","inLanguage":"ca","@id":"https:\/\/www.laertes.es\/ca\/llibre\/los-hijos-de-abraham\/#primaryimage","url":"https:\/\/www.laertes.es\/wp-content\/uploads\/2023\/05\/KN010.webp","contentUrl":"https:\/\/www.laertes.es\/wp-content\/uploads\/2023\/05\/KN010.webp","width":802,"height":1200,"caption":"Los hijos de Abraham"},{"@type":"BreadcrumbList","@id":"https:\/\/www.laertes.es\/ca\/llibre\/los-hijos-de-abraham\/#breadcrumb","itemListElement":[{"@type":"ListItem","position":1,"name":"Portada","item":"https:\/\/www.laertes.es\/ca\/"},{"@type":"ListItem","position":2,"name":"Tienda","item":"https:\/\/www.laertes.es\/tienda\/"},{"@type":"ListItem","position":3,"name":"Los hijos de Abraham"}]},{"@type":"WebSite","@id":"https:\/\/www.laertes.es\/ca\/#website","url":"https:\/\/www.laertes.es\/ca\/","name":"Laertes Ediciones","description":"Editorial independiente desde 1975","alternateName":"Laertes","potentialAction":[{"@type":"SearchAction","target":{"@type":"EntryPoint","urlTemplate":"https:\/\/www.laertes.es\/ca\/?s={search_term_string}"},"query-input":{"@type":"PropertyValueSpecification","valueRequired":true,"valueName":"search_term_string"}}],"inLanguage":"ca"}]}},"_links":{"self":[{"href":"https:\/\/www.laertes.es\/ca\/wp-json\/wp\/v2\/product\/13757","targetHints":{"allow":["GET"]}}],"collection":[{"href":"https:\/\/www.laertes.es\/ca\/wp-json\/wp\/v2\/product"}],"about":[{"href":"https:\/\/www.laertes.es\/ca\/wp-json\/wp\/v2\/types\/product"}],"version-history":[{"count":1,"href":"https:\/\/www.laertes.es\/ca\/wp-json\/wp\/v2\/product\/13757\/revisions"}],"predecessor-version":[{"id":13996,"href":"https:\/\/www.laertes.es\/ca\/wp-json\/wp\/v2\/product\/13757\/revisions\/13996"}],"wp:featuredmedia":[{"embeddable":true,"href":"https:\/\/www.laertes.es\/ca\/wp-json\/wp\/v2\/media\/13993"}],"wp:attachment":[{"href":"https:\/\/www.laertes.es\/ca\/wp-json\/wp\/v2\/media?parent=13757"}],"wp:term":[{"taxonomy":"product_brand","embeddable":true,"href":"https:\/\/www.laertes.es\/ca\/wp-json\/wp\/v2\/product_brand?post=13757"},{"taxonomy":"product_cat","embeddable":true,"href":"https:\/\/www.laertes.es\/ca\/wp-json\/wp\/v2\/product_cat?post=13757"},{"taxonomy":"product_tag","embeddable":true,"href":"https:\/\/www.laertes.es\/ca\/wp-json\/wp\/v2\/product_tag?post=13757"},{"taxonomy":"autores","embeddable":true,"href":"https:\/\/www.laertes.es\/ca\/wp-json\/wp\/v2\/autores?post=13757"},{"taxonomy":"formatos","embeddable":true,"href":"https:\/\/www.laertes.es\/ca\/wp-json\/wp\/v2\/formatos?post=13757"},{"taxonomy":"materias","embeddable":true,"href":"https:\/\/www.laertes.es\/ca\/wp-json\/wp\/v2\/materias?post=13757"}],"curies":[{"name":"wp","href":"https:\/\/api.w.org\/{rel}","templated":true}]}}

<p>Los hijos de Abraham</p>
<p>La publicación de una edición revisada y sustancialmente reescrita de <em>Los hijos de Abraham</em>, de F.E. Peters es importante por dos razones esenciales. Ante todo, señala la validez persistente de esta obra pionera. En segundo lugar, no se puede imaginar un tiempo en que pudiera ser más necesaria. Los problemas de la globalización y de la política internacional, añadidos a la importancia inherente de los credos religiosos judío, cristiano e islámico, en el siglo XXI, convierten en imperativos la comprensión de estas tres grandes confesiones y el diálogo entre ellas.<br />
<strong>     </strong>Peters rastrea las tres religiones desde el siglo VI a. de C., cuando los judíos retornan a Palestina dejando atrás el exilio de Babilonia, hasta los tiempos de la Edad Media cuando se aproximan a su forma actual. El autor apunta que las tres religiones, los fieles de las cuales vienen referidos por los musulmanes como a &#8220;la gente del Libro&#8221;, comparten un substrato en común. Más notablemente, cada una de ellas adopta la práctica de adorar a un Dios que interviene en la historia en nombre de Su gente.<br />
<strong>     </strong>El texto es directo y accesible, con las más profundas y matizadas discusiones sobre cada uno de los tres credos. Las numerosas notas actualizadas orientan al lector en las enormes complejidades que se esconden en cada línea de esta sensacional y oportuna nueva edición de <em>Los hijos de Abraham</em>.</p>
<p>La publicación de una edición revisada y sustancialmente reescrita de <em>Los hijos de Abraham</em>, de F.E. Peters es importante por dos razones esenciales. Ante todo, señala la validez persistente de esta obra pionera. En segundo lugar, no se puede imaginar un tiempo en que pudiera ser más necesaria. Los problemas de la globalización y de la política internacional, añadidos a la importancia inherente de los credos religiosos judío, cristiano e islámico, en el siglo XXI, convierten en imperativos la comprensión de estas tres grandes confesiones y el diálogo entre ellas.<br />
<strong>   </strong></p>

<p>Los hijos de Abraham La publicación de una edición revisada y sustancialmente reescrita de Los hijos de Abraham, de F.E.</p>

<!-- This site is optimized with the Yoast SEO plugin v27.4 - https://yoast.com/product/yoast-seo-wordpress/ -->
<title>Los hijos de Abraham | Laertes ediciones</title>
<meta name="description" content="La publicación de una edición revisada y sustancialmente reescrita de Los hijos de Abraham, de F.E. Peters es importante por dos razones esenciales." />
<meta name="robots" content="index, follow, max-snippet:-1, max-image-preview:large, max-video-preview:-1" />
<link rel="canonical" href="https://www.laertes.es/ca/llibre/los-hijos-de-abraham/" />
<meta property="og:locale" content="ca_ES" />
<meta property="og:type" content="article" />
<meta property="og:title" content="Los hijos de Abraham | Laertes ediciones" />
<meta property="og:description" content="La publicación de una edición revisada y sustancialmente reescrita de Los hijos de Abraham, de F.E. Peters es importante por dos razones esenciales." />
<meta property="og:url" content="https://www.laertes.es/ca/llibre/los-hijos-de-abraham/" />
<meta property="og:site_name" content="Laertes ediciones" />
<meta property="article:modified_time" content="2023-05-18T13:19:03+00:00" />
<meta property="og:image" content="https://www.laertes.es/wp-content/uploads/2023/05/KN010.webp" />
	<meta property="og:image:width" content="802" />
	<meta property="og:image:height" content="1200" />
	<meta property="og:image:type" content="image/webp" />
<script type="application/ld+json" class="yoast-schema-graph">{"@context":"https:\/\/schema.org","@graph":[{"@type":"WebPage","@id":"https:\/\/www.laertes.es\/ca\/llibre\/los-hijos-de-abraham\/","url":"https:\/\/www.laertes.es\/ca\/llibre\/los-hijos-de-abraham\/","name":"Los hijos de Abraham | Laertes ediciones","isPartOf":{"@id":"https:\/\/www.laertes.es\/ca\/#website"},"primaryImageOfPage":{"@id":"https:\/\/www.laertes.es\/ca\/llibre\/los-hijos-de-abraham\/#primaryimage"},"image":{"@id":"https:\/\/www.laertes.es\/ca\/llibre\/los-hijos-de-abraham\/#primaryimage"},"thumbnailUrl":"https:\/\/www.laertes.es\/wp-content\/uploads\/2023\/05\/KN010.webp","datePublished":"2023-05-10T05:55:19+00:00","dateModified":"2023-05-18T13:19:03+00:00","description":"La publicación de una edición revisada y sustancialmente reescrita de Los hijos de Abraham, de F.E. Peters es importante por dos razones esenciales.","breadcrumb":{"@id":"https:\/\/www.laertes.es\/ca\/llibre\/los-hijos-de-abraham\/#breadcrumb"},"inLanguage":"ca","potentialAction":[{"@type":"ReadAction","target":["https:\/\/www.laertes.es\/ca\/llibre\/los-hijos-de-abraham\/"]}]},{"@type":"ImageObject","inLanguage":"ca","@id":"https:\/\/www.laertes.es\/ca\/llibre\/los-hijos-de-abraham\/#primaryimage","url":"https:\/\/www.laertes.es\/wp-content\/uploads\/2023\/05\/KN010.webp","contentUrl":"https:\/\/www.laertes.es\/wp-content\/uploads\/2023\/05\/KN010.webp","width":802,"height":1200,"caption":"Los hijos de Abraham"},{"@type":"BreadcrumbList","@id":"https:\/\/www.laertes.es\/ca\/llibre\/los-hijos-de-abraham\/#breadcrumb","itemListElement":[{"@type":"ListItem","position":1,"name":"Portada","item":"https:\/\/www.laertes.es\/ca\/"},{"@type":"ListItem","position":2,"name":"Tienda","item":"https:\/\/www.laertes.es\/tienda\/"},{"@type":"ListItem","position":3,"name":"Los hijos de Abraham"}]},{"@type":"WebSite","@id":"https:\/\/www.laertes.es\/ca\/#website","url":"https:\/\/www.laertes.es\/ca\/","name":"Laertes Ediciones","description":"Editorial independiente desde 1975","alternateName":"Laertes","potentialAction":[{"@type":"SearchAction","target":{"@type":"EntryPoint","urlTemplate":"https:\/\/www.laertes.es\/ca\/?s={search_term_string}"},"query-input":{"@type":"PropertyValueSpecification","valueRequired":true,"valueName":"search_term_string"}}],"inLanguage":"ca"}]}</script>
<!-- / Yoast SEO plugin. -->

La publicación de una edición revisada y sustancialmente reescrita de Los hijos de Abraham, de F.E. Peters es importante por dos razones esenciales.
