{"id":13185,"date":"2023-05-03T08:47:09","date_gmt":"2023-05-03T08:47:09","guid":{"rendered":"https:\/libro\/un-invierno-en-kandahar\/"},"modified":"2023-05-06T03:25:10","modified_gmt":"2023-05-06T03:25:10","slug":"un-invierno-en-kandahar","status":"publish","type":"product","link":"https:\/\/www.laertes.es\/ca\/llibre\/un-invierno-en-kandahar\/","title":{"rendered":"Un invierno en Kandahar"},"content":{"rendered":"<p><em>Un invierno en Kandahar<\/em> (edici\u00f3n actualizada y ampliada por la autora) relata la particular experiencia de una joven aventurera en Afganist\u00e1n entre 1969 y 1977, un pa\u00eds completamente desconocido en aquel entonces por el mundo occidental. La narraci\u00f3n parte de las vivencias de Ana M.\u00aa Briongos entre los grupos hippies de Kandahar y contin\u00faa con su intromisi\u00f3n casual entre los c\u00edrculos m\u00e1s acomodados de Kabul y el viaje a las zonas monta\u00f1osas del pa\u00eds.<br \/>\n<strong>\u00a0\u00a0\u00a0<\/strong>Con este escenario y entremezclado con su propia experiencia en tierra afgana, se desgranan leyendas de caballeros esteparios, de pr\u00edncipes asi\u00e1ticos y reinas viajeras y mecenas, historias de destrucci\u00f3n, de horda y nomadismo, contadas a la autora mientras era arropada por el cielo de la estepa asi\u00e1tica.<br \/>\n<strong>\u00a0\u00a0\u00a0<\/strong>La historia del pa\u00eds, sus gentes, el amor, el odio, la risa y las l\u00e1grimas se mezclan en este relato narrado con un lenguaje salido del coraz\u00f3n, sin tapujos. Acunando la trama se eleva un canto al valor de la amistad y una hermosa eleg\u00eda por los compa\u00f1eros desaparecidos.<em>Un invierno en Kandahar<\/em> (edici\u00f3n actualizada y ampliada por la autora) relata la particular experiencia de una joven aventurera en Afganist\u00e1n entre 1969 y 1977, un pa\u00eds completamente desconocido en aquel entonces por el mundo occidental. La narraci\u00f3n parte de las vivencias de Ana M.\u00aa Briongos entre los grupos hippies de Kandahar y contin\u00faa con su intromisi\u00f3n casual entre los c\u00edrculos m\u00e1s acomodados de Kabul y el viaje a las zonas monta\u00f1osas del pa\u00eds.<br \/>\n<strong>\u00a0\u00a0\u00a0<\/strong>Con este escenario y entremezclado con su propia experiencia en tierra afgana, se desgranan leyendas de caballeros esteparios, de pr\u00edncipes asi\u00e1ticos y reinas viajeras y mecenas, historias de destrucci\u00f3n, de horda y nomadismo, contadas a la autora mientras era arropada por el cielo de la estepa asi\u00e1tica.<br \/>\n<strong>\u00a0\u00a0\u00a0<\/strong>La historia del pa\u00eds, sus gentes, el amor, el odio, la risa y las l\u00e1grimas se mezclan en este relato narrado con un lenguaje salido del coraz\u00f3n, sin tapujos. Acunando la trama se eleva un canto al valor de la amistad y una hermosa eleg\u00eda por los compa\u00f1eros desaparecidos.<\/p>\n","protected":false},"excerpt":{"rendered":"<p>Un invierno en Kandahar (edici\u00f3n actualizada y ampliada por la autora) relata la particular experiencia de una joven aventurera en<\/p>\n","protected":false},"featured_media":13358,"template":"","meta":[],"product_brand":[],"product_cat":[339],"product_tag":[883,884,641],"autores":[879],"formatos":[355],"materias":[375,885],"class_list":{"0":"post-13185","1":"product","2":"type-product","3":"status-publish","4":"has-post-thumbnail","6":"product_cat-nan-shan-ca","7":"product_tag-afganistan-ca","8":"product_tag-kandahar-ca","9":"product_tag-literatura-de-viajes-ca","10":"autores-briongos-guadayol-ana-m-ca","11":"formatos-llibre","12":"materias-literatura-de-viajes-ca","13":"materias-memorias-ca","15":"first","16":"instock","17":"taxable","18":"shipping-taxable","19":"purchasable","20":"product-type-simple"},"yoast_head":"<!-- This site is optimized with the Yoast SEO plugin v27.5 - https:\/\/yoast.com\/product\/yoast-seo-wordpress\/ -->\n<title>Un invierno en Kandahar | Laertes ediciones<\/title>\n<meta name=\"description\" content=\"Un invierno en Kandahar relata la particular experiencia de una joven aventurera en Afganist\u00e1n entre 1969 y 1977, un pa\u00eds completamente desconocido...\" \/>\n<meta name=\"robots\" content=\"index, follow, max-snippet:-1, max-image-preview:large, max-video-preview:-1\" \/>\n<link rel=\"canonical\" href=\"https:\/\/www.laertes.es\/ca\/llibre\/un-invierno-en-kandahar\/\" \/>\n<meta property=\"og:locale\" content=\"ca_ES\" \/>\n<meta property=\"og:type\" content=\"article\" \/>\n<meta property=\"og:title\" content=\"Un invierno en Kandahar | Laertes ediciones\" \/>\n<meta property=\"og:description\" content=\"Un invierno en Kandahar relata la particular experiencia de una joven aventurera en Afganist\u00e1n entre 1969 y 1977, un pa\u00eds completamente desconocido...\" \/>\n<meta property=\"og:url\" content=\"https:\/\/www.laertes.es\/ca\/llibre\/un-invierno-en-kandahar\/\" \/>\n<meta property=\"og:site_name\" content=\"Laertes ediciones\" \/>\n<meta property=\"article:modified_time\" content=\"2023-05-06T03:25:10+00:00\" \/>\n<meta property=\"og:image\" content=\"https:\/\/aliceblue-magpie-467488.hostingersite.com\/wp-content\/uploads\/2023\/05\/NAN058.webp\" \/>\n\t<meta property=\"og:image:width\" content=\"802\" \/>\n\t<meta property=\"og:image:height\" content=\"1200\" \/>\n\t<meta property=\"og:image:type\" content=\"image\/webp\" \/>\n<script type=\"application\/ld+json\" class=\"yoast-schema-graph\">{\"@context\":\"https:\\\/\\\/schema.org\",\"@graph\":[{\"@type\":\"WebPage\",\"@id\":\"https:\\\/\\\/www.laertes.es\\\/ca\\\/llibre\\\/un-invierno-en-kandahar\\\/\",\"url\":\"https:\\\/\\\/www.laertes.es\\\/ca\\\/llibre\\\/un-invierno-en-kandahar\\\/\",\"name\":\"Un invierno en Kandahar | Laertes ediciones\",\"isPartOf\":{\"@id\":\"https:\\\/\\\/www.laertes.es\\\/ca\\\/#website\"},\"primaryImageOfPage\":{\"@id\":\"https:\\\/\\\/www.laertes.es\\\/ca\\\/llibre\\\/un-invierno-en-kandahar\\\/#primaryimage\"},\"image\":{\"@id\":\"https:\\\/\\\/www.laertes.es\\\/ca\\\/llibre\\\/un-invierno-en-kandahar\\\/#primaryimage\"},\"thumbnailUrl\":\"https:\\\/\\\/www.laertes.es\\\/wp-content\\\/uploads\\\/2023\\\/05\\\/NAN058.webp\",\"datePublished\":\"2023-05-03T08:47:09+00:00\",\"dateModified\":\"2023-05-06T03:25:10+00:00\",\"description\":\"Un invierno en Kandahar relata la particular experiencia de una joven aventurera en Afganist\u00e1n entre 1969 y 1977, un pa\u00eds completamente desconocido...\",\"breadcrumb\":{\"@id\":\"https:\\\/\\\/www.laertes.es\\\/ca\\\/llibre\\\/un-invierno-en-kandahar\\\/#breadcrumb\"},\"inLanguage\":\"ca\",\"potentialAction\":[{\"@type\":\"ReadAction\",\"target\":[\"https:\\\/\\\/www.laertes.es\\\/ca\\\/llibre\\\/un-invierno-en-kandahar\\\/\"]}]},{\"@type\":\"ImageObject\",\"inLanguage\":\"ca\",\"@id\":\"https:\\\/\\\/www.laertes.es\\\/ca\\\/llibre\\\/un-invierno-en-kandahar\\\/#primaryimage\",\"url\":\"https:\\\/\\\/www.laertes.es\\\/wp-content\\\/uploads\\\/2023\\\/05\\\/NAN058.webp\",\"contentUrl\":\"https:\\\/\\\/www.laertes.es\\\/wp-content\\\/uploads\\\/2023\\\/05\\\/NAN058.webp\",\"width\":802,\"height\":1200,\"caption\":\"Un invierno en Kandahar\"},{\"@type\":\"BreadcrumbList\",\"@id\":\"https:\\\/\\\/www.laertes.es\\\/ca\\\/llibre\\\/un-invierno-en-kandahar\\\/#breadcrumb\",\"itemListElement\":[{\"@type\":\"ListItem\",\"position\":1,\"name\":\"Portada\",\"item\":\"https:\\\/\\\/www.laertes.es\\\/ca\\\/\"},{\"@type\":\"ListItem\",\"position\":2,\"name\":\"Tienda\",\"item\":\"https:\\\/\\\/www.laertes.es\\\/tienda\\\/\"},{\"@type\":\"ListItem\",\"position\":3,\"name\":\"Un invierno en Kandahar\"}]},{\"@type\":\"WebSite\",\"@id\":\"https:\\\/\\\/www.laertes.es\\\/ca\\\/#website\",\"url\":\"https:\\\/\\\/www.laertes.es\\\/ca\\\/\",\"name\":\"Laertes Ediciones\",\"description\":\"Editorial independiente desde 1975\",\"alternateName\":\"Laertes\",\"potentialAction\":[{\"@type\":\"SearchAction\",\"target\":{\"@type\":\"EntryPoint\",\"urlTemplate\":\"https:\\\/\\\/www.laertes.es\\\/ca\\\/?s={search_term_string}\"},\"query-input\":{\"@type\":\"PropertyValueSpecification\",\"valueRequired\":true,\"valueName\":\"search_term_string\"}}],\"inLanguage\":\"ca\"}]}<\/script>\n<!-- \/ Yoast SEO plugin. -->","yoast_head_json":{"title":"Un invierno en Kandahar | Laertes ediciones","description":"Un invierno en Kandahar relata la particular experiencia de una joven aventurera en Afganist\u00e1n entre 1969 y 1977, un pa\u00eds completamente desconocido...","robots":{"index":"index","follow":"follow","max-snippet":"max-snippet:-1","max-image-preview":"max-image-preview:large","max-video-preview":"max-video-preview:-1"},"canonical":"https:\/\/www.laertes.es\/ca\/llibre\/un-invierno-en-kandahar\/","og_locale":"ca_ES","og_type":"article","og_title":"Un invierno en Kandahar | Laertes ediciones","og_description":"Un invierno en Kandahar relata la particular experiencia de una joven aventurera en Afganist\u00e1n entre 1969 y 1977, un pa\u00eds completamente desconocido...","og_url":"https:\/\/www.laertes.es\/ca\/llibre\/un-invierno-en-kandahar\/","og_site_name":"Laertes ediciones","article_modified_time":"2023-05-06T03:25:10+00:00","og_image":[{"width":802,"height":1200,"url":"https:\/\/aliceblue-magpie-467488.hostingersite.com\/wp-content\/uploads\/2023\/05\/NAN058.webp","type":"image\/webp"}],"schema":{"@context":"https:\/\/schema.org","@graph":[{"@type":"WebPage","@id":"https:\/\/www.laertes.es\/ca\/llibre\/un-invierno-en-kandahar\/","url":"https:\/\/www.laertes.es\/ca\/llibre\/un-invierno-en-kandahar\/","name":"Un invierno en Kandahar | Laertes ediciones","isPartOf":{"@id":"https:\/\/www.laertes.es\/ca\/#website"},"primaryImageOfPage":{"@id":"https:\/\/www.laertes.es\/ca\/llibre\/un-invierno-en-kandahar\/#primaryimage"},"image":{"@id":"https:\/\/www.laertes.es\/ca\/llibre\/un-invierno-en-kandahar\/#primaryimage"},"thumbnailUrl":"https:\/\/www.laertes.es\/wp-content\/uploads\/2023\/05\/NAN058.webp","datePublished":"2023-05-03T08:47:09+00:00","dateModified":"2023-05-06T03:25:10+00:00","description":"Un invierno en Kandahar relata la particular experiencia de una joven aventurera en Afganist\u00e1n entre 1969 y 1977, un pa\u00eds completamente desconocido...","breadcrumb":{"@id":"https:\/\/www.laertes.es\/ca\/llibre\/un-invierno-en-kandahar\/#breadcrumb"},"inLanguage":"ca","potentialAction":[{"@type":"ReadAction","target":["https:\/\/www.laertes.es\/ca\/llibre\/un-invierno-en-kandahar\/"]}]},{"@type":"ImageObject","inLanguage":"ca","@id":"https:\/\/www.laertes.es\/ca\/llibre\/un-invierno-en-kandahar\/#primaryimage","url":"https:\/\/www.laertes.es\/wp-content\/uploads\/2023\/05\/NAN058.webp","contentUrl":"https:\/\/www.laertes.es\/wp-content\/uploads\/2023\/05\/NAN058.webp","width":802,"height":1200,"caption":"Un invierno en Kandahar"},{"@type":"BreadcrumbList","@id":"https:\/\/www.laertes.es\/ca\/llibre\/un-invierno-en-kandahar\/#breadcrumb","itemListElement":[{"@type":"ListItem","position":1,"name":"Portada","item":"https:\/\/www.laertes.es\/ca\/"},{"@type":"ListItem","position":2,"name":"Tienda","item":"https:\/\/www.laertes.es\/tienda\/"},{"@type":"ListItem","position":3,"name":"Un invierno en Kandahar"}]},{"@type":"WebSite","@id":"https:\/\/www.laertes.es\/ca\/#website","url":"https:\/\/www.laertes.es\/ca\/","name":"Laertes Ediciones","description":"Editorial independiente desde 1975","alternateName":"Laertes","potentialAction":[{"@type":"SearchAction","target":{"@type":"EntryPoint","urlTemplate":"https:\/\/www.laertes.es\/ca\/?s={search_term_string}"},"query-input":{"@type":"PropertyValueSpecification","valueRequired":true,"valueName":"search_term_string"}}],"inLanguage":"ca"}]}},"_links":{"self":[{"href":"https:\/\/www.laertes.es\/ca\/wp-json\/wp\/v2\/product\/13185","targetHints":{"allow":["GET"]}}],"collection":[{"href":"https:\/\/www.laertes.es\/ca\/wp-json\/wp\/v2\/product"}],"about":[{"href":"https:\/\/www.laertes.es\/ca\/wp-json\/wp\/v2\/types\/product"}],"version-history":[{"count":1,"href":"https:\/\/www.laertes.es\/ca\/wp-json\/wp\/v2\/product\/13185\/revisions"}],"predecessor-version":[{"id":13360,"href":"https:\/\/www.laertes.es\/ca\/wp-json\/wp\/v2\/product\/13185\/revisions\/13360"}],"wp:featuredmedia":[{"embeddable":true,"href":"https:\/\/www.laertes.es\/ca\/wp-json\/wp\/v2\/media\/13358"}],"wp:attachment":[{"href":"https:\/\/www.laertes.es\/ca\/wp-json\/wp\/v2\/media?parent=13185"}],"wp:term":[{"taxonomy":"product_brand","embeddable":true,"href":"https:\/\/www.laertes.es\/ca\/wp-json\/wp\/v2\/product_brand?post=13185"},{"taxonomy":"product_cat","embeddable":true,"href":"https:\/\/www.laertes.es\/ca\/wp-json\/wp\/v2\/product_cat?post=13185"},{"taxonomy":"product_tag","embeddable":true,"href":"https:\/\/www.laertes.es\/ca\/wp-json\/wp\/v2\/product_tag?post=13185"},{"taxonomy":"autores","embeddable":true,"href":"https:\/\/www.laertes.es\/ca\/wp-json\/wp\/v2\/autores?post=13185"},{"taxonomy":"formatos","embeddable":true,"href":"https:\/\/www.laertes.es\/ca\/wp-json\/wp\/v2\/formatos?post=13185"},{"taxonomy":"materias","embeddable":true,"href":"https:\/\/www.laertes.es\/ca\/wp-json\/wp\/v2\/materias?post=13185"}],"curies":[{"name":"wp","href":"https:\/\/api.w.org\/{rel}","templated":true}]}}

<p><em>Un invierno en Kandahar</em> (edición actualizada y ampliada por la autora) relata la particular experiencia de una joven aventurera en Afganistán entre 1969 y 1977, un país completamente desconocido en aquel entonces por el mundo occidental. La narración parte de las vivencias de Ana M.ª Briongos entre los grupos hippies de Kandahar y continúa con su intromisión casual entre los círculos más acomodados de Kabul y el viaje a las zonas montañosas del país.<br />
<strong>   </strong>Con este escenario y entremezclado con su propia experiencia en tierra afgana, se desgranan leyendas de caballeros esteparios, de príncipes asiáticos y reinas viajeras y mecenas, historias de destrucción, de horda y nomadismo, contadas a la autora mientras era arropada por el cielo de la estepa asiática.<br />
<strong>   </strong>La historia del país, sus gentes, el amor, el odio, la risa y las lágrimas se mezclan en este relato narrado con un lenguaje salido del corazón, sin tapujos. Acunando la trama se eleva un canto al valor de la amistad y una hermosa elegía por los compañeros desaparecidos.<em>Un invierno en Kandahar</em> (edición actualizada y ampliada por la autora) relata la particular experiencia de una joven aventurera en Afganistán entre 1969 y 1977, un país completamente desconocido en aquel entonces por el mundo occidental. La narración parte de las vivencias de Ana M.ª Briongos entre los grupos hippies de Kandahar y continúa con su intromisión casual entre los círculos más acomodados de Kabul y el viaje a las zonas montañosas del país.<br />
<strong>   </strong>Con este escenario y entremezclado con su propia experiencia en tierra afgana, se desgranan leyendas de caballeros esteparios, de príncipes asiáticos y reinas viajeras y mecenas, historias de destrucción, de horda y nomadismo, contadas a la autora mientras era arropada por el cielo de la estepa asiática.<br />
<strong>   </strong>La historia del país, sus gentes, el amor, el odio, la risa y las lágrimas se mezclan en este relato narrado con un lenguaje salido del corazón, sin tapujos. Acunando la trama se eleva un canto al valor de la amistad y una hermosa elegía por los compañeros desaparecidos.</p>

<p>Un invierno en Kandahar (edición actualizada y ampliada por la autora) relata la particular experiencia de una joven aventurera en</p>

<!-- This site is optimized with the Yoast SEO plugin v27.5 - https://yoast.com/product/yoast-seo-wordpress/ -->
<title>Un invierno en Kandahar | Laertes ediciones</title>
<meta name="description" content="Un invierno en Kandahar relata la particular experiencia de una joven aventurera en Afganistán entre 1969 y 1977, un país completamente desconocido..." />
<meta name="robots" content="index, follow, max-snippet:-1, max-image-preview:large, max-video-preview:-1" />
<link rel="canonical" href="https://www.laertes.es/ca/llibre/un-invierno-en-kandahar/" />
<meta property="og:locale" content="ca_ES" />
<meta property="og:type" content="article" />
<meta property="og:title" content="Un invierno en Kandahar | Laertes ediciones" />
<meta property="og:description" content="Un invierno en Kandahar relata la particular experiencia de una joven aventurera en Afganistán entre 1969 y 1977, un país completamente desconocido..." />
<meta property="og:url" content="https://www.laertes.es/ca/llibre/un-invierno-en-kandahar/" />
<meta property="og:site_name" content="Laertes ediciones" />
<meta property="article:modified_time" content="2023-05-06T03:25:10+00:00" />
<meta property="og:image" content="https://aliceblue-magpie-467488.hostingersite.com/wp-content/uploads/2023/05/NAN058.webp" />
	<meta property="og:image:width" content="802" />
	<meta property="og:image:height" content="1200" />
	<meta property="og:image:type" content="image/webp" />
<script type="application/ld+json" class="yoast-schema-graph">{"@context":"https:\/\/schema.org","@graph":[{"@type":"WebPage","@id":"https:\/\/www.laertes.es\/ca\/llibre\/un-invierno-en-kandahar\/","url":"https:\/\/www.laertes.es\/ca\/llibre\/un-invierno-en-kandahar\/","name":"Un invierno en Kandahar | Laertes ediciones","isPartOf":{"@id":"https:\/\/www.laertes.es\/ca\/#website"},"primaryImageOfPage":{"@id":"https:\/\/www.laertes.es\/ca\/llibre\/un-invierno-en-kandahar\/#primaryimage"},"image":{"@id":"https:\/\/www.laertes.es\/ca\/llibre\/un-invierno-en-kandahar\/#primaryimage"},"thumbnailUrl":"https:\/\/www.laertes.es\/wp-content\/uploads\/2023\/05\/NAN058.webp","datePublished":"2023-05-03T08:47:09+00:00","dateModified":"2023-05-06T03:25:10+00:00","description":"Un invierno en Kandahar relata la particular experiencia de una joven aventurera en Afganistán entre 1969 y 1977, un país completamente desconocido...","breadcrumb":{"@id":"https:\/\/www.laertes.es\/ca\/llibre\/un-invierno-en-kandahar\/#breadcrumb"},"inLanguage":"ca","potentialAction":[{"@type":"ReadAction","target":["https:\/\/www.laertes.es\/ca\/llibre\/un-invierno-en-kandahar\/"]}]},{"@type":"ImageObject","inLanguage":"ca","@id":"https:\/\/www.laertes.es\/ca\/llibre\/un-invierno-en-kandahar\/#primaryimage","url":"https:\/\/www.laertes.es\/wp-content\/uploads\/2023\/05\/NAN058.webp","contentUrl":"https:\/\/www.laertes.es\/wp-content\/uploads\/2023\/05\/NAN058.webp","width":802,"height":1200,"caption":"Un invierno en Kandahar"},{"@type":"BreadcrumbList","@id":"https:\/\/www.laertes.es\/ca\/llibre\/un-invierno-en-kandahar\/#breadcrumb","itemListElement":[{"@type":"ListItem","position":1,"name":"Portada","item":"https:\/\/www.laertes.es\/ca\/"},{"@type":"ListItem","position":2,"name":"Tienda","item":"https:\/\/www.laertes.es\/tienda\/"},{"@type":"ListItem","position":3,"name":"Un invierno en Kandahar"}]},{"@type":"WebSite","@id":"https:\/\/www.laertes.es\/ca\/#website","url":"https:\/\/www.laertes.es\/ca\/","name":"Laertes Ediciones","description":"Editorial independiente desde 1975","alternateName":"Laertes","potentialAction":[{"@type":"SearchAction","target":{"@type":"EntryPoint","urlTemplate":"https:\/\/www.laertes.es\/ca\/?s={search_term_string}"},"query-input":{"@type":"PropertyValueSpecification","valueRequired":true,"valueName":"search_term_string"}}],"inLanguage":"ca"}]}</script>
<!-- / Yoast SEO plugin. -->

Un invierno en Kandahar relata la particular experiencia de una joven aventurera en Afganistán entre 1969 y 1977, un país completamente desconocido...
