{"id":11838,"date":"2023-01-24T15:07:36","date_gmt":"2023-01-24T15:07:36","guid":{"rendered":"https:\/libro\/besar-la-bruixa\/"},"modified":"2023-05-06T07:33:06","modified_gmt":"2023-05-06T07:33:06","slug":"besar-la-bruixa","status":"publish","type":"product","link":"https:\/\/www.laertes.es\/ca\/llibre\/besar-la-bruixa\/","title":{"rendered":"Besar la bruixa"},"content":{"rendered":"<h1>Besar la bruixa<\/h1>\n<p>Besar la bruixa La Ventafocs abandona el bell pr\u00edncep i se&#8217;n va amb la seva fada. La Bella descobreix que la B\u00e8stia que s&#8217;amaga darrere la m\u00e0scara no \u00e9s pas molt diferent de la imatge que ella veu en l&#8217;espill. Enfilades com si fos una subtil teranyina, les dones, nenes perdudes o robades, joves enamorades o desencisades, o ancianes venjatives o rancunioses que habiten en aquests contes cl\u00e0ssics, s&#8217;expliquen les seves pr\u00f2pies hist\u00f2ries mentre les transformen o les modelen, segons els seus desitjos tal vegada tra\u00efdorencs, tal vegada er\u00f2tics, per\u00f2 sempre imprescindibles. Emma Donoghe, perqu\u00e8 no ens passi com a la ventafocs que l&#8217;havia ent\u00e8s al rev\u00e9s, ens descriu a Besar la bruixa, contes vells amb vestits nous.<\/p>\n<p>La Ventafocs abandona el bell pr\u00edncep i se&#8217;n va amb la seva fada. La Bella descobreix que la B\u00e8stia que s&#8217;amaga darrere la m\u00e0scara no \u00e9s pas molt diferent de la imatge que ella veu en l&#8217;espill. Enfilades com si fos una subtil teranyina, les dones, nenes perdudes o robades, joves enamorades o desencisades, o ancianes venjatives o rancunioses que habiten en aquests contes cl\u00e0ssics, s&#8217;expliquen les seves pr\u00f2pies hist\u00f2ries mentre les transformen o les modelen, segons els seus desitjos tal vegada tra\u00efdorencs, tal vegada er\u00f2tics, per\u00f2 sempre imprescindibles. Emma Donoghe, perqu\u00e8 no ens passi com a la ventafocs que l&#8217;havia ent\u00e8s al rev\u00e9s, ens descriu a Besar la bruixa, contes vells amb vestits nous.<\/p>\n<p>Besar la bruixaLa Ventafocs abandona el bell pr\u00edncep i se&#8217;n va amb la seva fada. La Bella descobreix que la B\u00e8stia que s&#8217;amaga darrere la m\u00e0scara no \u00e9s pas molt diferent de la imatge que ella veu en l&#8217;espill. Enfilades com si fos una subtil teranyina, les dones, nenes perdudes o robades, joves enamorades o desencisades, o ancianes venjatives o rancunioses que habiten en aquests contes cl\u00e0ssics, s&#8217;expliquen les seves pr\u00f2pies hist\u00f2ries mentre les transformen o les modelen, segons els seus desitjos tal vegada tra\u00efdorencs, tal vegada er\u00f2tics, per\u00f2 sempre imprescindibles. Emma Donoghe, perqu\u00e8 no ens passi com a la ventafocs que l&#8217;havia ent\u00e8s al rev\u00e9s, ens descriu a Besar la bruixa, contes vells amb vestits nous.<\/p>\n","protected":false},"excerpt":{"rendered":"<p>La Ventafocs abandona el bell pr\u00edncep i se&#8217;n va amb la seva fada. La Bella descobreix que la B\u00e8stia que s&#8217;amaga darrera la m\u00e0scara no \u00e9s pas molt diferent de la imatge que ella veu en l&#8217;espill. Enfilades com si fos una subtil teranyina, les dones, nenes perdudes o robades, joves enamorades o desencisades, o ancianes venjatives o rancunioses que habiten en aquests contes cl\u00e0ssics, s&#8217;expliquen les seves pr\u00f2pies histories mentre les transformen o les modelen, segons els seus desitjos tal vegada tra\u00efdorencs, tal vegada er\u00f2tics, per\u00f2 sempre imprescindibles. Emma Donoghe, perqu\u00e8 no ens passi com a la ventafocs que l&#8217;havia entes al rev\u00e8s, ens descriu a Besar la bruixa, contes vells amb vestits nous.<\/p>\n","protected":false},"featured_media":13477,"template":"","meta":[],"product_brand":[],"product_cat":[296],"product_tag":[1031,993,672,1032],"autores":[435],"formatos":[355],"materias":[356],"class_list":{"0":"post-11838","1":"product","2":"type-product","3":"status-publish","4":"has-post-thumbnail","6":"product_cat-larca-ca","7":"product_tag-bella-i-bestia-ca","8":"product_tag-feminisme-ca","9":"product_tag-literatura-fantastica-ca","10":"product_tag-ventafocs-ca","11":"autores-donoghue-emma-ca","12":"formatos-llibre","13":"materias-cuentos-clasicos-de-generos-fantasticos-ca","15":"first","16":"instock","17":"purchasable","18":"product-type-simple"},"yoast_head":"<!-- This site is optimized with the Yoast SEO plugin v27.5 - https:\/\/yoast.com\/product\/yoast-seo-wordpress\/ -->\n<title>Besar la bruixa | Laertes ediciones<\/title>\n<meta name=\"description\" content=\"Besar la bruixa | Enfilades com si fos una subtil teranyina, les dones, nenes perdudes o robades, joves enamorades o desencisades, o ancianes venjatives...\" \/>\n<meta name=\"robots\" content=\"index, follow, max-snippet:-1, max-image-preview:large, max-video-preview:-1\" \/>\n<link rel=\"canonical\" href=\"https:\/\/www.laertes.es\/ca\/llibre\/besar-la-bruixa\/\" \/>\n<meta property=\"og:locale\" content=\"ca_ES\" \/>\n<meta property=\"og:type\" content=\"article\" \/>\n<meta property=\"og:title\" content=\"Besar la bruixa | Laertes ediciones\" \/>\n<meta property=\"og:description\" content=\"Besar la bruixa | Enfilades com si fos una subtil teranyina, les dones, nenes perdudes o robades, joves enamorades o desencisades, o ancianes venjatives...\" \/>\n<meta property=\"og:url\" content=\"https:\/\/www.laertes.es\/ca\/llibre\/besar-la-bruixa\/\" \/>\n<meta property=\"og:site_name\" content=\"Laertes ediciones\" \/>\n<meta property=\"article:modified_time\" content=\"2023-05-06T07:33:06+00:00\" \/>\n<meta property=\"og:image\" content=\"https:\/\/www.laertes.es\/wp-content\/uploads\/2023\/01\/ARC079.webp\" \/>\n\t<meta property=\"og:image:width\" content=\"802\" \/>\n\t<meta property=\"og:image:height\" content=\"1200\" \/>\n\t<meta property=\"og:image:type\" content=\"image\/webp\" \/>\n<meta name=\"twitter:label1\" content=\"Temps estimat de lectura\" \/>\n\t<meta name=\"twitter:data1\" content=\"2 minuts\" \/>\n<script type=\"application\/ld+json\" class=\"yoast-schema-graph\">{\"@context\":\"https:\\\/\\\/schema.org\",\"@graph\":[{\"@type\":\"WebPage\",\"@id\":\"https:\\\/\\\/www.laertes.es\\\/ca\\\/llibre\\\/besar-la-bruixa\\\/\",\"url\":\"https:\\\/\\\/www.laertes.es\\\/ca\\\/llibre\\\/besar-la-bruixa\\\/\",\"name\":\"Besar la bruixa | Laertes ediciones\",\"isPartOf\":{\"@id\":\"https:\\\/\\\/www.laertes.es\\\/ca\\\/#website\"},\"primaryImageOfPage\":{\"@id\":\"https:\\\/\\\/www.laertes.es\\\/ca\\\/llibre\\\/besar-la-bruixa\\\/#primaryimage\"},\"image\":{\"@id\":\"https:\\\/\\\/www.laertes.es\\\/ca\\\/llibre\\\/besar-la-bruixa\\\/#primaryimage\"},\"thumbnailUrl\":\"https:\\\/\\\/www.laertes.es\\\/wp-content\\\/uploads\\\/2023\\\/01\\\/ARC079.webp\",\"datePublished\":\"2023-01-24T15:07:36+00:00\",\"dateModified\":\"2023-05-06T07:33:06+00:00\",\"description\":\"Besar la bruixa | Enfilades com si fos una subtil teranyina, les dones, nenes perdudes o robades, joves enamorades o desencisades, o ancianes venjatives...\",\"breadcrumb\":{\"@id\":\"https:\\\/\\\/www.laertes.es\\\/ca\\\/llibre\\\/besar-la-bruixa\\\/#breadcrumb\"},\"inLanguage\":\"ca\",\"potentialAction\":[{\"@type\":\"ReadAction\",\"target\":[\"https:\\\/\\\/www.laertes.es\\\/ca\\\/llibre\\\/besar-la-bruixa\\\/\"]}]},{\"@type\":\"ImageObject\",\"inLanguage\":\"ca\",\"@id\":\"https:\\\/\\\/www.laertes.es\\\/ca\\\/llibre\\\/besar-la-bruixa\\\/#primaryimage\",\"url\":\"https:\\\/\\\/www.laertes.es\\\/wp-content\\\/uploads\\\/2023\\\/01\\\/ARC079.webp\",\"contentUrl\":\"https:\\\/\\\/www.laertes.es\\\/wp-content\\\/uploads\\\/2023\\\/01\\\/ARC079.webp\",\"width\":802,\"height\":1200,\"caption\":\"Besar la bruixa\"},{\"@type\":\"BreadcrumbList\",\"@id\":\"https:\\\/\\\/www.laertes.es\\\/ca\\\/llibre\\\/besar-la-bruixa\\\/#breadcrumb\",\"itemListElement\":[{\"@type\":\"ListItem\",\"position\":1,\"name\":\"Portada\",\"item\":\"https:\\\/\\\/www.laertes.es\\\/ca\\\/\"},{\"@type\":\"ListItem\",\"position\":2,\"name\":\"Tienda\",\"item\":\"https:\\\/\\\/www.laertes.es\\\/tienda\\\/\"},{\"@type\":\"ListItem\",\"position\":3,\"name\":\"Besar la bruixa\"}]},{\"@type\":\"WebSite\",\"@id\":\"https:\\\/\\\/www.laertes.es\\\/ca\\\/#website\",\"url\":\"https:\\\/\\\/www.laertes.es\\\/ca\\\/\",\"name\":\"Laertes Ediciones\",\"description\":\"Editorial independiente desde 1975\",\"alternateName\":\"Laertes\",\"potentialAction\":[{\"@type\":\"SearchAction\",\"target\":{\"@type\":\"EntryPoint\",\"urlTemplate\":\"https:\\\/\\\/www.laertes.es\\\/ca\\\/?s={search_term_string}\"},\"query-input\":{\"@type\":\"PropertyValueSpecification\",\"valueRequired\":true,\"valueName\":\"search_term_string\"}}],\"inLanguage\":\"ca\"}]}<\/script>\n<!-- \/ Yoast SEO plugin. -->","yoast_head_json":{"title":"Besar la bruixa | Laertes ediciones","description":"Besar la bruixa | Enfilades com si fos una subtil teranyina, les dones, nenes perdudes o robades, joves enamorades o desencisades, o ancianes venjatives...","robots":{"index":"index","follow":"follow","max-snippet":"max-snippet:-1","max-image-preview":"max-image-preview:large","max-video-preview":"max-video-preview:-1"},"canonical":"https:\/\/www.laertes.es\/ca\/llibre\/besar-la-bruixa\/","og_locale":"ca_ES","og_type":"article","og_title":"Besar la bruixa | Laertes ediciones","og_description":"Besar la bruixa | Enfilades com si fos una subtil teranyina, les dones, nenes perdudes o robades, joves enamorades o desencisades, o ancianes venjatives...","og_url":"https:\/\/www.laertes.es\/ca\/llibre\/besar-la-bruixa\/","og_site_name":"Laertes ediciones","article_modified_time":"2023-05-06T07:33:06+00:00","og_image":[{"width":802,"height":1200,"url":"https:\/\/www.laertes.es\/wp-content\/uploads\/2023\/01\/ARC079.webp","type":"image\/webp"}],"twitter_misc":{"Temps estimat de lectura":"2 minuts"},"schema":{"@context":"https:\/\/schema.org","@graph":[{"@type":"WebPage","@id":"https:\/\/www.laertes.es\/ca\/llibre\/besar-la-bruixa\/","url":"https:\/\/www.laertes.es\/ca\/llibre\/besar-la-bruixa\/","name":"Besar la bruixa | Laertes ediciones","isPartOf":{"@id":"https:\/\/www.laertes.es\/ca\/#website"},"primaryImageOfPage":{"@id":"https:\/\/www.laertes.es\/ca\/llibre\/besar-la-bruixa\/#primaryimage"},"image":{"@id":"https:\/\/www.laertes.es\/ca\/llibre\/besar-la-bruixa\/#primaryimage"},"thumbnailUrl":"https:\/\/www.laertes.es\/wp-content\/uploads\/2023\/01\/ARC079.webp","datePublished":"2023-01-24T15:07:36+00:00","dateModified":"2023-05-06T07:33:06+00:00","description":"Besar la bruixa | Enfilades com si fos una subtil teranyina, les dones, nenes perdudes o robades, joves enamorades o desencisades, o ancianes venjatives...","breadcrumb":{"@id":"https:\/\/www.laertes.es\/ca\/llibre\/besar-la-bruixa\/#breadcrumb"},"inLanguage":"ca","potentialAction":[{"@type":"ReadAction","target":["https:\/\/www.laertes.es\/ca\/llibre\/besar-la-bruixa\/"]}]},{"@type":"ImageObject","inLanguage":"ca","@id":"https:\/\/www.laertes.es\/ca\/llibre\/besar-la-bruixa\/#primaryimage","url":"https:\/\/www.laertes.es\/wp-content\/uploads\/2023\/01\/ARC079.webp","contentUrl":"https:\/\/www.laertes.es\/wp-content\/uploads\/2023\/01\/ARC079.webp","width":802,"height":1200,"caption":"Besar la bruixa"},{"@type":"BreadcrumbList","@id":"https:\/\/www.laertes.es\/ca\/llibre\/besar-la-bruixa\/#breadcrumb","itemListElement":[{"@type":"ListItem","position":1,"name":"Portada","item":"https:\/\/www.laertes.es\/ca\/"},{"@type":"ListItem","position":2,"name":"Tienda","item":"https:\/\/www.laertes.es\/tienda\/"},{"@type":"ListItem","position":3,"name":"Besar la bruixa"}]},{"@type":"WebSite","@id":"https:\/\/www.laertes.es\/ca\/#website","url":"https:\/\/www.laertes.es\/ca\/","name":"Laertes Ediciones","description":"Editorial independiente desde 1975","alternateName":"Laertes","potentialAction":[{"@type":"SearchAction","target":{"@type":"EntryPoint","urlTemplate":"https:\/\/www.laertes.es\/ca\/?s={search_term_string}"},"query-input":{"@type":"PropertyValueSpecification","valueRequired":true,"valueName":"search_term_string"}}],"inLanguage":"ca"}]}},"_links":{"self":[{"href":"https:\/\/www.laertes.es\/ca\/wp-json\/wp\/v2\/product\/11838","targetHints":{"allow":["GET"]}}],"collection":[{"href":"https:\/\/www.laertes.es\/ca\/wp-json\/wp\/v2\/product"}],"about":[{"href":"https:\/\/www.laertes.es\/ca\/wp-json\/wp\/v2\/types\/product"}],"version-history":[{"count":1,"href":"https:\/\/www.laertes.es\/ca\/wp-json\/wp\/v2\/product\/11838\/revisions"}],"predecessor-version":[{"id":13480,"href":"https:\/\/www.laertes.es\/ca\/wp-json\/wp\/v2\/product\/11838\/revisions\/13480"}],"wp:featuredmedia":[{"embeddable":true,"href":"https:\/\/www.laertes.es\/ca\/wp-json\/wp\/v2\/media\/13477"}],"wp:attachment":[{"href":"https:\/\/www.laertes.es\/ca\/wp-json\/wp\/v2\/media?parent=11838"}],"wp:term":[{"taxonomy":"product_brand","embeddable":true,"href":"https:\/\/www.laertes.es\/ca\/wp-json\/wp\/v2\/product_brand?post=11838"},{"taxonomy":"product_cat","embeddable":true,"href":"https:\/\/www.laertes.es\/ca\/wp-json\/wp\/v2\/product_cat?post=11838"},{"taxonomy":"product_tag","embeddable":true,"href":"https:\/\/www.laertes.es\/ca\/wp-json\/wp\/v2\/product_tag?post=11838"},{"taxonomy":"autores","embeddable":true,"href":"https:\/\/www.laertes.es\/ca\/wp-json\/wp\/v2\/autores?post=11838"},{"taxonomy":"formatos","embeddable":true,"href":"https:\/\/www.laertes.es\/ca\/wp-json\/wp\/v2\/formatos?post=11838"},{"taxonomy":"materias","embeddable":true,"href":"https:\/\/www.laertes.es\/ca\/wp-json\/wp\/v2\/materias?post=11838"}],"curies":[{"name":"wp","href":"https:\/\/api.w.org\/{rel}","templated":true}]}}

<h1>Besar la bruixa</h1>
<p>Besar la bruixa La Ventafocs abandona el bell príncep i se&#8217;n va amb la seva fada. La Bella descobreix que la Bèstia que s&#8217;amaga darrere la màscara no és pas molt diferent de la imatge que ella veu en l&#8217;espill. Enfilades com si fos una subtil teranyina, les dones, nenes perdudes o robades, joves enamorades o desencisades, o ancianes venjatives o rancunioses que habiten en aquests contes clàssics, s&#8217;expliquen les seves pròpies històries mentre les transformen o les modelen, segons els seus desitjos tal vegada traïdorencs, tal vegada eròtics, però sempre imprescindibles. Emma Donoghe, perquè no ens passi com a la ventafocs que l&#8217;havia entès al revés, ens descriu a Besar la bruixa, contes vells amb vestits nous.</p>
<p>La Ventafocs abandona el bell príncep i se&#8217;n va amb la seva fada. La Bella descobreix que la Bèstia que s&#8217;amaga darrere la màscara no és pas molt diferent de la imatge que ella veu en l&#8217;espill. Enfilades com si fos una subtil teranyina, les dones, nenes perdudes o robades, joves enamorades o desencisades, o ancianes venjatives o rancunioses que habiten en aquests contes clàssics, s&#8217;expliquen les seves pròpies històries mentre les transformen o les modelen, segons els seus desitjos tal vegada traïdorencs, tal vegada eròtics, però sempre imprescindibles. Emma Donoghe, perquè no ens passi com a la ventafocs que l&#8217;havia entès al revés, ens descriu a Besar la bruixa, contes vells amb vestits nous.</p>
<p>Besar la bruixaLa Ventafocs abandona el bell príncep i se&#8217;n va amb la seva fada. La Bella descobreix que la Bèstia que s&#8217;amaga darrere la màscara no és pas molt diferent de la imatge que ella veu en l&#8217;espill. Enfilades com si fos una subtil teranyina, les dones, nenes perdudes o robades, joves enamorades o desencisades, o ancianes venjatives o rancunioses que habiten en aquests contes clàssics, s&#8217;expliquen les seves pròpies històries mentre les transformen o les modelen, segons els seus desitjos tal vegada traïdorencs, tal vegada eròtics, però sempre imprescindibles. Emma Donoghe, perquè no ens passi com a la ventafocs que l&#8217;havia entès al revés, ens descriu a Besar la bruixa, contes vells amb vestits nous.</p>

<p>La Ventafocs abandona el bell príncep i se&#8217;n va amb la seva fada. La Bella descobreix que la Bèstia que s&#8217;amaga darrera la màscara no és pas molt diferent de la imatge que ella veu en l&#8217;espill. Enfilades com si fos una subtil teranyina, les dones, nenes perdudes o robades, joves enamorades o desencisades, o ancianes venjatives o rancunioses que habiten en aquests contes clàssics, s&#8217;expliquen les seves pròpies histories mentre les transformen o les modelen, segons els seus desitjos tal vegada traïdorencs, tal vegada eròtics, però sempre imprescindibles. Emma Donoghe, perquè no ens passi com a la ventafocs que l&#8217;havia entes al revès, ens descriu a Besar la bruixa, contes vells amb vestits nous.</p>
