{"id":11837,"date":"2023-01-24T15:07:36","date_gmt":"2023-01-24T15:07:36","guid":{"rendered":"https:\/libro\/la-nimfa-de-la-font\/"},"modified":"2025-09-29T16:32:02","modified_gmt":"2025-09-29T16:32:02","slug":"la-nimfa-de-la-font","status":"publish","type":"product","link":"https:\/\/www.laertes.es\/ca\/llibre\/la-nimfa-de-la-font\/","title":{"rendered":"La nimfa de la font"},"content":{"rendered":"<h1><em>La nimfa de la Font<\/em><\/h1>\n<p><em>La nimfa de la Font<\/em>, de William Thomas Beckford, publicada l&#8217;any 1791, \u00e9s una narraci\u00f3 que combina en poques p\u00e0gines la hist\u00f2ria oriental i la hist\u00f2ria g\u00f2tica. Malgrat l&#8217;equilibri del seu dest\u00ed que es mant\u00e9 entre la felicitat i la desgracia, Matilda, la protagonista, pateix un seguit de dissorts i mal averanys. No hi ha manca el pr\u00edncep blau, el compte Conrad, ni la madrastra, no hi manca, tampoc, una escenografia de conte de fades. Per\u00f2, per sort, la nimfa de la Font vetlla per aquesta ventafocs del divuit. Escrita amb un ritme viu, molt descriptiu i gaireb\u00e9 sense di\u00e0legs, lluny de les caracter\u00edstiques pr\u00f2pies de la pompositat narrativa del segle XVIII.<\/p>\n<p><em>La nimfa de la Font<\/em>, de William Thomas Beckford, publicada l&#8217;any 1791, \u00e9s una narraci\u00f3 que combina en poques p\u00e0gines la hist\u00f2ria oriental i la hist\u00f2ria g\u00f2tica. Malgrat l&#8217;equilibri del seu dest\u00ed que es mant\u00e9 entre la felicitat i la desgracia, Matilda, la protagonista, pateix un seguit de dissorts i mal averanys. No hi ha manca el pr\u00edncep blau, el compte Conrad, ni la madrastra, no hi manca, tampoc, una escenografia de conte de fades. Per\u00f2, per sort, la nimfa de la Font vetlla per aquesta ventafocs del divuit. Escrita amb un ritme viu, molt descriptiu i gaireb\u00e9 sense di\u00e0legs, lluny de les caracter\u00edstiques pr\u00f2pies de la pompositat narrativa del segle XVIII.<\/p>\n<p><em>La nimfa de la Font<\/em>, de William Thomas Beckford, publicada l&#8217;any 1791, \u00e9s una narraci\u00f3 que combina en poques p\u00e0gines la hist\u00f2ria oriental i la hist\u00f2ria g\u00f2tica. Malgrat l&#8217;equilibri del seu dest\u00ed que es mant\u00e9 entre la felicitat i la desgracia, Matilda, la protagonista, pateix un seguit de dissorts i mal averanys. No hi ha manca el pr\u00edncep blau, el compte Conrad, ni la madrastra, no hi manca, tampoc, una escenografia de conte de fades. Per\u00f2, per sort, la nimfa de la Font vetlla per aquesta ventafocs del divuit. Escrita amb un ritme viu, molt descriptiu i gaireb\u00e9 sense di\u00e0legs, lluny de les caracter\u00edstiques pr\u00f2pies de la pompositat narrativa del segle XVIII.<\/p>\n<p>&nbsp;<\/p>\n","protected":false},"excerpt":{"rendered":"<p>La nimfa de la Font, de William Thomas Beckford, publicada l&#8217;any 1791, \u00e9s una narraci\u00f3 que combina en poques p\u00e0gines la historia oriental i la historia g\u00f2tica. Malgrat l&#8217;equilibri del seu dest\u00ed que es mant\u00e9 entre la felicitat i la desgracia, Matilda, la protagonista, pateix un seguit de dissorts i malveranys. No hi ha manca el pr\u00edncep blau, el compte Conrad, ni la madrastra, no hi manca, tampoc, una escenograf\u00eda de conte de fades. Per\u00f2, per sort, la nimfa de la Font vetlla per aquesta ventafocs del divuit. Escrita amb un ritme viu, molt descriptiu i gaireb\u00e9 sense di\u00e0legs, lluny de les caracter\u00edstiques pr\u00f2pies de la pompositat narrativa del segle XVIII.<\/p>\n","protected":false},"featured_media":13485,"template":"","meta":[],"product_brand":[],"product_cat":[296],"product_tag":[1034,672],"autores":[427],"formatos":[355],"materias":[356],"class_list":{"0":"post-11837","1":"product","2":"type-product","3":"status-publish","4":"has-post-thumbnail","6":"product_cat-larca-ca","7":"product_tag-historia-gotica-ca","8":"product_tag-literatura-fantastica-ca","9":"autores-beckford-william-thomas-ca","10":"formatos-llibre","11":"materias-cuentos-clasicos-de-generos-fantasticos-ca","13":"first","14":"instock","15":"purchasable","16":"product-type-simple"},"yoast_head":"<!-- This site is optimized with the Yoast SEO plugin v27.5 - https:\/\/yoast.com\/product\/yoast-seo-wordpress\/ -->\n<title>La nimfa de la font | Laertes ediciones<\/title>\n<meta name=\"description\" content=\"La nimfa de la font | Matilda pateix un seguit de dissorts i mal averanys. No hi ha manca el pr\u00edncep blau, no hi manca una escenografia de conte de fades.\" \/>\n<meta name=\"robots\" content=\"index, follow, max-snippet:-1, max-image-preview:large, max-video-preview:-1\" \/>\n<link rel=\"canonical\" href=\"https:\/\/www.laertes.es\/ca\/llibre\/la-nimfa-de-la-font\/\" \/>\n<meta property=\"og:locale\" content=\"ca_ES\" \/>\n<meta property=\"og:type\" content=\"article\" \/>\n<meta property=\"og:title\" content=\"La nimfa de la font | Laertes ediciones\" \/>\n<meta property=\"og:description\" content=\"La nimfa de la font | Matilda pateix un seguit de dissorts i mal averanys. No hi ha manca el pr\u00edncep blau, no hi manca una escenografia de conte de fades.\" \/>\n<meta property=\"og:url\" content=\"https:\/\/www.laertes.es\/ca\/llibre\/la-nimfa-de-la-font\/\" \/>\n<meta property=\"og:site_name\" content=\"Laertes ediciones\" \/>\n<meta property=\"article:modified_time\" content=\"2025-09-29T16:32:02+00:00\" \/>\n<meta property=\"og:image\" content=\"https:\/\/www.laertes.es\/wp-content\/uploads\/2023\/01\/ARC080.webp\" \/>\n\t<meta property=\"og:image:width\" content=\"802\" \/>\n\t<meta property=\"og:image:height\" content=\"1200\" \/>\n\t<meta property=\"og:image:type\" content=\"image\/webp\" \/>\n<meta name=\"twitter:label1\" content=\"Temps estimat de lectura\" \/>\n\t<meta name=\"twitter:data1\" content=\"2 minuts\" \/>\n<script type=\"application\/ld+json\" class=\"yoast-schema-graph\">{\"@context\":\"https:\\\/\\\/schema.org\",\"@graph\":[{\"@type\":\"WebPage\",\"@id\":\"https:\\\/\\\/www.laertes.es\\\/ca\\\/llibre\\\/la-nimfa-de-la-font\\\/\",\"url\":\"https:\\\/\\\/www.laertes.es\\\/ca\\\/llibre\\\/la-nimfa-de-la-font\\\/\",\"name\":\"La nimfa de la font | Laertes ediciones\",\"isPartOf\":{\"@id\":\"https:\\\/\\\/www.laertes.es\\\/ca\\\/#website\"},\"primaryImageOfPage\":{\"@id\":\"https:\\\/\\\/www.laertes.es\\\/ca\\\/llibre\\\/la-nimfa-de-la-font\\\/#primaryimage\"},\"image\":{\"@id\":\"https:\\\/\\\/www.laertes.es\\\/ca\\\/llibre\\\/la-nimfa-de-la-font\\\/#primaryimage\"},\"thumbnailUrl\":\"https:\\\/\\\/www.laertes.es\\\/wp-content\\\/uploads\\\/2023\\\/01\\\/ARC080.webp\",\"datePublished\":\"2023-01-24T15:07:36+00:00\",\"dateModified\":\"2025-09-29T16:32:02+00:00\",\"description\":\"La nimfa de la font | Matilda pateix un seguit de dissorts i mal averanys. No hi ha manca el pr\u00edncep blau, no hi manca una escenografia de conte de fades.\",\"breadcrumb\":{\"@id\":\"https:\\\/\\\/www.laertes.es\\\/ca\\\/llibre\\\/la-nimfa-de-la-font\\\/#breadcrumb\"},\"inLanguage\":\"ca\",\"potentialAction\":[{\"@type\":\"ReadAction\",\"target\":[\"https:\\\/\\\/www.laertes.es\\\/ca\\\/llibre\\\/la-nimfa-de-la-font\\\/\"]}]},{\"@type\":\"ImageObject\",\"inLanguage\":\"ca\",\"@id\":\"https:\\\/\\\/www.laertes.es\\\/ca\\\/llibre\\\/la-nimfa-de-la-font\\\/#primaryimage\",\"url\":\"https:\\\/\\\/www.laertes.es\\\/wp-content\\\/uploads\\\/2023\\\/01\\\/ARC080.webp\",\"contentUrl\":\"https:\\\/\\\/www.laertes.es\\\/wp-content\\\/uploads\\\/2023\\\/01\\\/ARC080.webp\",\"width\":802,\"height\":1200,\"caption\":\"La nimfa de la font\"},{\"@type\":\"BreadcrumbList\",\"@id\":\"https:\\\/\\\/www.laertes.es\\\/ca\\\/llibre\\\/la-nimfa-de-la-font\\\/#breadcrumb\",\"itemListElement\":[{\"@type\":\"ListItem\",\"position\":1,\"name\":\"Portada\",\"item\":\"https:\\\/\\\/www.laertes.es\\\/ca\\\/\"},{\"@type\":\"ListItem\",\"position\":2,\"name\":\"Tienda\",\"item\":\"https:\\\/\\\/www.laertes.es\\\/tienda\\\/\"},{\"@type\":\"ListItem\",\"position\":3,\"name\":\"La nimfa de la font\"}]},{\"@type\":\"WebSite\",\"@id\":\"https:\\\/\\\/www.laertes.es\\\/ca\\\/#website\",\"url\":\"https:\\\/\\\/www.laertes.es\\\/ca\\\/\",\"name\":\"Laertes Ediciones\",\"description\":\"Editorial independiente desde 1975\",\"alternateName\":\"Laertes\",\"potentialAction\":[{\"@type\":\"SearchAction\",\"target\":{\"@type\":\"EntryPoint\",\"urlTemplate\":\"https:\\\/\\\/www.laertes.es\\\/ca\\\/?s={search_term_string}\"},\"query-input\":{\"@type\":\"PropertyValueSpecification\",\"valueRequired\":true,\"valueName\":\"search_term_string\"}}],\"inLanguage\":\"ca\"}]}<\/script>\n<!-- \/ Yoast SEO plugin. -->","yoast_head_json":{"title":"La nimfa de la font | Laertes ediciones","description":"La nimfa de la font | Matilda pateix un seguit de dissorts i mal averanys. No hi ha manca el pr\u00edncep blau, no hi manca una escenografia de conte de fades.","robots":{"index":"index","follow":"follow","max-snippet":"max-snippet:-1","max-image-preview":"max-image-preview:large","max-video-preview":"max-video-preview:-1"},"canonical":"https:\/\/www.laertes.es\/ca\/llibre\/la-nimfa-de-la-font\/","og_locale":"ca_ES","og_type":"article","og_title":"La nimfa de la font | Laertes ediciones","og_description":"La nimfa de la font | Matilda pateix un seguit de dissorts i mal averanys. No hi ha manca el pr\u00edncep blau, no hi manca una escenografia de conte de fades.","og_url":"https:\/\/www.laertes.es\/ca\/llibre\/la-nimfa-de-la-font\/","og_site_name":"Laertes ediciones","article_modified_time":"2025-09-29T16:32:02+00:00","og_image":[{"width":802,"height":1200,"url":"https:\/\/www.laertes.es\/wp-content\/uploads\/2023\/01\/ARC080.webp","type":"image\/webp"}],"twitter_misc":{"Temps estimat de lectura":"2 minuts"},"schema":{"@context":"https:\/\/schema.org","@graph":[{"@type":"WebPage","@id":"https:\/\/www.laertes.es\/ca\/llibre\/la-nimfa-de-la-font\/","url":"https:\/\/www.laertes.es\/ca\/llibre\/la-nimfa-de-la-font\/","name":"La nimfa de la font | Laertes ediciones","isPartOf":{"@id":"https:\/\/www.laertes.es\/ca\/#website"},"primaryImageOfPage":{"@id":"https:\/\/www.laertes.es\/ca\/llibre\/la-nimfa-de-la-font\/#primaryimage"},"image":{"@id":"https:\/\/www.laertes.es\/ca\/llibre\/la-nimfa-de-la-font\/#primaryimage"},"thumbnailUrl":"https:\/\/www.laertes.es\/wp-content\/uploads\/2023\/01\/ARC080.webp","datePublished":"2023-01-24T15:07:36+00:00","dateModified":"2025-09-29T16:32:02+00:00","description":"La nimfa de la font | Matilda pateix un seguit de dissorts i mal averanys. No hi ha manca el pr\u00edncep blau, no hi manca una escenografia de conte de fades.","breadcrumb":{"@id":"https:\/\/www.laertes.es\/ca\/llibre\/la-nimfa-de-la-font\/#breadcrumb"},"inLanguage":"ca","potentialAction":[{"@type":"ReadAction","target":["https:\/\/www.laertes.es\/ca\/llibre\/la-nimfa-de-la-font\/"]}]},{"@type":"ImageObject","inLanguage":"ca","@id":"https:\/\/www.laertes.es\/ca\/llibre\/la-nimfa-de-la-font\/#primaryimage","url":"https:\/\/www.laertes.es\/wp-content\/uploads\/2023\/01\/ARC080.webp","contentUrl":"https:\/\/www.laertes.es\/wp-content\/uploads\/2023\/01\/ARC080.webp","width":802,"height":1200,"caption":"La nimfa de la font"},{"@type":"BreadcrumbList","@id":"https:\/\/www.laertes.es\/ca\/llibre\/la-nimfa-de-la-font\/#breadcrumb","itemListElement":[{"@type":"ListItem","position":1,"name":"Portada","item":"https:\/\/www.laertes.es\/ca\/"},{"@type":"ListItem","position":2,"name":"Tienda","item":"https:\/\/www.laertes.es\/tienda\/"},{"@type":"ListItem","position":3,"name":"La nimfa de la font"}]},{"@type":"WebSite","@id":"https:\/\/www.laertes.es\/ca\/#website","url":"https:\/\/www.laertes.es\/ca\/","name":"Laertes Ediciones","description":"Editorial independiente desde 1975","alternateName":"Laertes","potentialAction":[{"@type":"SearchAction","target":{"@type":"EntryPoint","urlTemplate":"https:\/\/www.laertes.es\/ca\/?s={search_term_string}"},"query-input":{"@type":"PropertyValueSpecification","valueRequired":true,"valueName":"search_term_string"}}],"inLanguage":"ca"}]}},"_links":{"self":[{"href":"https:\/\/www.laertes.es\/ca\/wp-json\/wp\/v2\/product\/11837","targetHints":{"allow":["GET"]}}],"collection":[{"href":"https:\/\/www.laertes.es\/ca\/wp-json\/wp\/v2\/product"}],"about":[{"href":"https:\/\/www.laertes.es\/ca\/wp-json\/wp\/v2\/types\/product"}],"version-history":[{"count":1,"href":"https:\/\/www.laertes.es\/ca\/wp-json\/wp\/v2\/product\/11837\/revisions"}],"predecessor-version":[{"id":13488,"href":"https:\/\/www.laertes.es\/ca\/wp-json\/wp\/v2\/product\/11837\/revisions\/13488"}],"wp:featuredmedia":[{"embeddable":true,"href":"https:\/\/www.laertes.es\/ca\/wp-json\/wp\/v2\/media\/13485"}],"wp:attachment":[{"href":"https:\/\/www.laertes.es\/ca\/wp-json\/wp\/v2\/media?parent=11837"}],"wp:term":[{"taxonomy":"product_brand","embeddable":true,"href":"https:\/\/www.laertes.es\/ca\/wp-json\/wp\/v2\/product_brand?post=11837"},{"taxonomy":"product_cat","embeddable":true,"href":"https:\/\/www.laertes.es\/ca\/wp-json\/wp\/v2\/product_cat?post=11837"},{"taxonomy":"product_tag","embeddable":true,"href":"https:\/\/www.laertes.es\/ca\/wp-json\/wp\/v2\/product_tag?post=11837"},{"taxonomy":"autores","embeddable":true,"href":"https:\/\/www.laertes.es\/ca\/wp-json\/wp\/v2\/autores?post=11837"},{"taxonomy":"formatos","embeddable":true,"href":"https:\/\/www.laertes.es\/ca\/wp-json\/wp\/v2\/formatos?post=11837"},{"taxonomy":"materias","embeddable":true,"href":"https:\/\/www.laertes.es\/ca\/wp-json\/wp\/v2\/materias?post=11837"}],"curies":[{"name":"wp","href":"https:\/\/api.w.org\/{rel}","templated":true}]}}

<h1><em>La nimfa de la Font</em></h1>
<p><em>La nimfa de la Font</em>, de William Thomas Beckford, publicada l&#8217;any 1791, és una narració que combina en poques pàgines la història oriental i la història gòtica. Malgrat l&#8217;equilibri del seu destí que es manté entre la felicitat i la desgracia, Matilda, la protagonista, pateix un seguit de dissorts i mal averanys. No hi ha manca el príncep blau, el compte Conrad, ni la madrastra, no hi manca, tampoc, una escenografia de conte de fades. Però, per sort, la nimfa de la Font vetlla per aquesta ventafocs del divuit. Escrita amb un ritme viu, molt descriptiu i gairebé sense diàlegs, lluny de les característiques pròpies de la pompositat narrativa del segle XVIII.</p>
<p><em>La nimfa de la Font</em>, de William Thomas Beckford, publicada l&#8217;any 1791, és una narració que combina en poques pàgines la història oriental i la història gòtica. Malgrat l&#8217;equilibri del seu destí que es manté entre la felicitat i la desgracia, Matilda, la protagonista, pateix un seguit de dissorts i mal averanys. No hi ha manca el príncep blau, el compte Conrad, ni la madrastra, no hi manca, tampoc, una escenografia de conte de fades. Però, per sort, la nimfa de la Font vetlla per aquesta ventafocs del divuit. Escrita amb un ritme viu, molt descriptiu i gairebé sense diàlegs, lluny de les característiques pròpies de la pompositat narrativa del segle XVIII.</p>
<p><em>La nimfa de la Font</em>, de William Thomas Beckford, publicada l&#8217;any 1791, és una narració que combina en poques pàgines la història oriental i la història gòtica. Malgrat l&#8217;equilibri del seu destí que es manté entre la felicitat i la desgracia, Matilda, la protagonista, pateix un seguit de dissorts i mal averanys. No hi ha manca el príncep blau, el compte Conrad, ni la madrastra, no hi manca, tampoc, una escenografia de conte de fades. Però, per sort, la nimfa de la Font vetlla per aquesta ventafocs del divuit. Escrita amb un ritme viu, molt descriptiu i gairebé sense diàlegs, lluny de les característiques pròpies de la pompositat narrativa del segle XVIII.</p>
<p>&nbsp;</p>

<p>La nimfa de la Font, de William Thomas Beckford, publicada l&#8217;any 1791, és una narració que combina en poques pàgines la historia oriental i la historia gòtica. Malgrat l&#8217;equilibri del seu destí que es manté entre la felicitat i la desgracia, Matilda, la protagonista, pateix un seguit de dissorts i malveranys. No hi ha manca el príncep blau, el compte Conrad, ni la madrastra, no hi manca, tampoc, una escenografía de conte de fades. Però, per sort, la nimfa de la Font vetlla per aquesta ventafocs del divuit. Escrita amb un ritme viu, molt descriptiu i gairebé sense diàlegs, lluny de les característiques pròpies de la pompositat narrativa del segle XVIII.</p>

<!-- This site is optimized with the Yoast SEO plugin v27.5 - https://yoast.com/product/yoast-seo-wordpress/ -->
<title>La nimfa de la font | Laertes ediciones</title>
<meta name="description" content="La nimfa de la font | Matilda pateix un seguit de dissorts i mal averanys. No hi ha manca el príncep blau, no hi manca una escenografia de conte de fades." />
<meta name="robots" content="index, follow, max-snippet:-1, max-image-preview:large, max-video-preview:-1" />
<link rel="canonical" href="https://www.laertes.es/ca/llibre/la-nimfa-de-la-font/" />
<meta property="og:locale" content="ca_ES" />
<meta property="og:type" content="article" />
<meta property="og:title" content="La nimfa de la font | Laertes ediciones" />
<meta property="og:description" content="La nimfa de la font | Matilda pateix un seguit de dissorts i mal averanys. No hi ha manca el príncep blau, no hi manca una escenografia de conte de fades." />
<meta property="og:url" content="https://www.laertes.es/ca/llibre/la-nimfa-de-la-font/" />
<meta property="og:site_name" content="Laertes ediciones" />
<meta property="article:modified_time" content="2025-09-29T16:32:02+00:00" />
<meta property="og:image" content="https://www.laertes.es/wp-content/uploads/2023/01/ARC080.webp" />
	<meta property="og:image:width" content="802" />
	<meta property="og:image:height" content="1200" />
	<meta property="og:image:type" content="image/webp" />
<meta name="twitter:label1" content="Temps estimat de lectura" />
	<meta name="twitter:data1" content="2 minuts" />
<script type="application/ld+json" class="yoast-schema-graph">{"@context":"https:\/\/schema.org","@graph":[{"@type":"WebPage","@id":"https:\/\/www.laertes.es\/ca\/llibre\/la-nimfa-de-la-font\/","url":"https:\/\/www.laertes.es\/ca\/llibre\/la-nimfa-de-la-font\/","name":"La nimfa de la font | Laertes ediciones","isPartOf":{"@id":"https:\/\/www.laertes.es\/ca\/#website"},"primaryImageOfPage":{"@id":"https:\/\/www.laertes.es\/ca\/llibre\/la-nimfa-de-la-font\/#primaryimage"},"image":{"@id":"https:\/\/www.laertes.es\/ca\/llibre\/la-nimfa-de-la-font\/#primaryimage"},"thumbnailUrl":"https:\/\/www.laertes.es\/wp-content\/uploads\/2023\/01\/ARC080.webp","datePublished":"2023-01-24T15:07:36+00:00","dateModified":"2025-09-29T16:32:02+00:00","description":"La nimfa de la font | Matilda pateix un seguit de dissorts i mal averanys. No hi ha manca el príncep blau, no hi manca una escenografia de conte de fades.","breadcrumb":{"@id":"https:\/\/www.laertes.es\/ca\/llibre\/la-nimfa-de-la-font\/#breadcrumb"},"inLanguage":"ca","potentialAction":[{"@type":"ReadAction","target":["https:\/\/www.laertes.es\/ca\/llibre\/la-nimfa-de-la-font\/"]}]},{"@type":"ImageObject","inLanguage":"ca","@id":"https:\/\/www.laertes.es\/ca\/llibre\/la-nimfa-de-la-font\/#primaryimage","url":"https:\/\/www.laertes.es\/wp-content\/uploads\/2023\/01\/ARC080.webp","contentUrl":"https:\/\/www.laertes.es\/wp-content\/uploads\/2023\/01\/ARC080.webp","width":802,"height":1200,"caption":"La nimfa de la font"},{"@type":"BreadcrumbList","@id":"https:\/\/www.laertes.es\/ca\/llibre\/la-nimfa-de-la-font\/#breadcrumb","itemListElement":[{"@type":"ListItem","position":1,"name":"Portada","item":"https:\/\/www.laertes.es\/ca\/"},{"@type":"ListItem","position":2,"name":"Tienda","item":"https:\/\/www.laertes.es\/tienda\/"},{"@type":"ListItem","position":3,"name":"La nimfa de la font"}]},{"@type":"WebSite","@id":"https:\/\/www.laertes.es\/ca\/#website","url":"https:\/\/www.laertes.es\/ca\/","name":"Laertes Ediciones","description":"Editorial independiente desde 1975","alternateName":"Laertes","potentialAction":[{"@type":"SearchAction","target":{"@type":"EntryPoint","urlTemplate":"https:\/\/www.laertes.es\/ca\/?s={search_term_string}"},"query-input":{"@type":"PropertyValueSpecification","valueRequired":true,"valueName":"search_term_string"}}],"inLanguage":"ca"}]}</script>
<!-- / Yoast SEO plugin. -->

La nimfa de la font | Matilda pateix un seguit de dissorts i mal averanys. No hi ha manca el príncep blau, no hi manca una escenografia de conte de fades.
