{"id":12019,"date":"2023-03-03T10:20:43","date_gmt":"2023-03-03T10:20:43","guid":{"rendered":"https:\/politica-de-devolucions\/"},"modified":"2023-03-03T10:32:27","modified_gmt":"2023-03-03T10:32:27","slug":"politica-de-devolucions","status":"publish","type":"page","link":"https:\/\/www.laertes.es\/ca\/politica-de-devolucions\/","title":{"rendered":"Pol\u00edtica de devolucions"},"content":{"rendered":"\n<p>Complint la normativa vigent, l&#8217;usuari t\u00e9 el dret de tornar qualsevol llibre en el termini de 7 dies a partir de la data de recepci\u00f3. Els llibres tornats han d&#8217;estar en condicions normals (amb el seu embalatge original i sense fer servir) En un termini m\u00e0xim de 30 dies de la recepci\u00f3 de la devoluci\u00f3, Editorial Laertes es compromet a reemborsar-los.<\/p>\n\n\n\n<p>Abans de fer la devoluci\u00f3, haur\u00e0 de comunicar-se amb nosaltres per mail (<a href=\"mailto:laertes@\" target=\"_blank\" rel=\"noreferrer noopener\">laertes@<\/a>) o tel\u00e8fon (93 6248911) perqu\u00e8 li indiquem la manera com ens pot enviar la comanda i el procediment a seguir.<\/p>\n\n\n\n<p>Si la causa de la devoluci\u00f3 \u00e9s que el llibre est\u00e0 defectu\u00f3s o no correspon al que ha demanat, Editorial Laertes correr\u00e0 amb les despeses de la devoluci\u00f3 i la nova tramesa. Si el motiu \u00e9s que la comanda no us satisf\u00e0, us reemborsarem l&#8217;import per\u00f2 no les despeses d&#8217;enviament ni les despeses de devoluci\u00f3.<\/p>\n\n\n\n<p>La devoluci\u00f3 de l&#8217;import es realitzar\u00e0 un cop arribi la comanda tornada a les nostres oficines i amb la mateixa forma de pagament que hagi utilitzat: o b\u00e9 s&#8217;abonar\u00e0 a la targeta de cr\u00e8dit o b\u00e9 al compte PayPal. Per a comandes per contrareemborsament es far\u00e0 una transfer\u00e8ncia banc\u00e0ria al compte que no indiqui.<\/p>\n","protected":false},"excerpt":{"rendered":"<p>Complint la normativa vigent, l&#8217;usuari t\u00e9 el dret de tornar qualsevol llibre en el termini de 7 dies a partir<\/p>\n","protected":false},"author":1,"featured_media":0,"parent":0,"menu_order":0,"comment_status":"closed","ping_status":"closed","template":"","meta":{"footnotes":""},"class_list":["post-12019","page","type-page","status-publish","hentry"],"yoast_head":"<!-- This site is optimized with the Yoast SEO plugin v27.5 - https:\/\/yoast.com\/product\/yoast-seo-wordpress\/ -->\n<title>Pol\u00edtica de devolucions | Laertes ediciones<\/title>\n<meta name=\"robots\" content=\"index, follow, max-snippet:-1, max-image-preview:large, max-video-preview:-1\" \/>\n<link rel=\"canonical\" href=\"https:\/\/www.laertes.es\/ca\/politica-de-devolucions\/\" \/>\n<meta property=\"og:locale\" content=\"ca_ES\" \/>\n<meta property=\"og:type\" content=\"article\" \/>\n<meta property=\"og:title\" content=\"Pol\u00edtica de devolucions | Laertes ediciones\" \/>\n<meta property=\"og:description\" content=\"Complint la normativa vigent, l&#8217;usuari t\u00e9 el dret de tornar qualsevol llibre en el termini de 7 dies a partir\" \/>\n<meta property=\"og:url\" content=\"https:\/\/www.laertes.es\/ca\/politica-de-devolucions\/\" \/>\n<meta property=\"og:site_name\" content=\"Laertes ediciones\" \/>\n<meta property=\"article:modified_time\" content=\"2023-03-03T10:32:27+00:00\" \/>\n<meta property=\"og:image\" content=\"https:\/\/www.laertes.es\/wp-content\/uploads\/2021\/08\/logob.png\" \/>\n\t<meta property=\"og:image:width\" content=\"176\" \/>\n\t<meta property=\"og:image:height\" content=\"53\" \/>\n\t<meta property=\"og:image:type\" content=\"image\/png\" \/>\n<meta name=\"twitter:label1\" content=\"Temps estimat de lectura\" \/>\n\t<meta name=\"twitter:data1\" content=\"1 minut\" \/>\n<script type=\"application\/ld+json\" class=\"yoast-schema-graph\">{\"@context\":\"https:\\\/\\\/schema.org\",\"@graph\":[{\"@type\":\"WebPage\",\"@id\":\"https:\\\/\\\/www.laertes.es\\\/ca\\\/politica-de-devolucions\\\/\",\"url\":\"https:\\\/\\\/www.laertes.es\\\/ca\\\/politica-de-devolucions\\\/\",\"name\":\"Pol\u00edtica de devolucions | Laertes ediciones\",\"isPartOf\":{\"@id\":\"https:\\\/\\\/www.laertes.es\\\/ca\\\/#website\"},\"datePublished\":\"2023-03-03T10:20:43+00:00\",\"dateModified\":\"2023-03-03T10:32:27+00:00\",\"breadcrumb\":{\"@id\":\"https:\\\/\\\/www.laertes.es\\\/ca\\\/politica-de-devolucions\\\/#breadcrumb\"},\"inLanguage\":\"ca\",\"potentialAction\":[{\"@type\":\"ReadAction\",\"target\":[\"https:\\\/\\\/www.laertes.es\\\/ca\\\/politica-de-devolucions\\\/\"]}]},{\"@type\":\"BreadcrumbList\",\"@id\":\"https:\\\/\\\/www.laertes.es\\\/ca\\\/politica-de-devolucions\\\/#breadcrumb\",\"itemListElement\":[{\"@type\":\"ListItem\",\"position\":1,\"name\":\"Portada\",\"item\":\"https:\\\/\\\/www.laertes.es\\\/ca\\\/\"},{\"@type\":\"ListItem\",\"position\":2,\"name\":\"Pol\u00edtica de devolucions\"}]},{\"@type\":\"WebSite\",\"@id\":\"https:\\\/\\\/www.laertes.es\\\/ca\\\/#website\",\"url\":\"https:\\\/\\\/www.laertes.es\\\/ca\\\/\",\"name\":\"Laertes Ediciones\",\"description\":\"Editorial independiente desde 1975\",\"alternateName\":\"Laertes\",\"potentialAction\":[{\"@type\":\"SearchAction\",\"target\":{\"@type\":\"EntryPoint\",\"urlTemplate\":\"https:\\\/\\\/www.laertes.es\\\/ca\\\/?s={search_term_string}\"},\"query-input\":{\"@type\":\"PropertyValueSpecification\",\"valueRequired\":true,\"valueName\":\"search_term_string\"}}],\"inLanguage\":\"ca\"}]}<\/script>\n<!-- \/ Yoast SEO plugin. -->","yoast_head_json":{"title":"Pol\u00edtica de devolucions | Laertes ediciones","robots":{"index":"index","follow":"follow","max-snippet":"max-snippet:-1","max-image-preview":"max-image-preview:large","max-video-preview":"max-video-preview:-1"},"canonical":"https:\/\/www.laertes.es\/ca\/politica-de-devolucions\/","og_locale":"ca_ES","og_type":"article","og_title":"Pol\u00edtica de devolucions | Laertes ediciones","og_description":"Complint la normativa vigent, l&#8217;usuari t\u00e9 el dret de tornar qualsevol llibre en el termini de 7 dies a partir","og_url":"https:\/\/www.laertes.es\/ca\/politica-de-devolucions\/","og_site_name":"Laertes ediciones","article_modified_time":"2023-03-03T10:32:27+00:00","og_image":[{"width":176,"height":53,"url":"https:\/\/www.laertes.es\/wp-content\/uploads\/2021\/08\/logob.png","type":"image\/png"}],"twitter_misc":{"Temps estimat de lectura":"1 minut"},"schema":{"@context":"https:\/\/schema.org","@graph":[{"@type":"WebPage","@id":"https:\/\/www.laertes.es\/ca\/politica-de-devolucions\/","url":"https:\/\/www.laertes.es\/ca\/politica-de-devolucions\/","name":"Pol\u00edtica de devolucions | Laertes ediciones","isPartOf":{"@id":"https:\/\/www.laertes.es\/ca\/#website"},"datePublished":"2023-03-03T10:20:43+00:00","dateModified":"2023-03-03T10:32:27+00:00","breadcrumb":{"@id":"https:\/\/www.laertes.es\/ca\/politica-de-devolucions\/#breadcrumb"},"inLanguage":"ca","potentialAction":[{"@type":"ReadAction","target":["https:\/\/www.laertes.es\/ca\/politica-de-devolucions\/"]}]},{"@type":"BreadcrumbList","@id":"https:\/\/www.laertes.es\/ca\/politica-de-devolucions\/#breadcrumb","itemListElement":[{"@type":"ListItem","position":1,"name":"Portada","item":"https:\/\/www.laertes.es\/ca\/"},{"@type":"ListItem","position":2,"name":"Pol\u00edtica de devolucions"}]},{"@type":"WebSite","@id":"https:\/\/www.laertes.es\/ca\/#website","url":"https:\/\/www.laertes.es\/ca\/","name":"Laertes Ediciones","description":"Editorial independiente desde 1975","alternateName":"Laertes","potentialAction":[{"@type":"SearchAction","target":{"@type":"EntryPoint","urlTemplate":"https:\/\/www.laertes.es\/ca\/?s={search_term_string}"},"query-input":{"@type":"PropertyValueSpecification","valueRequired":true,"valueName":"search_term_string"}}],"inLanguage":"ca"}]}},"_links":{"self":[{"href":"https:\/\/www.laertes.es\/ca\/wp-json\/wp\/v2\/pages\/12019","targetHints":{"allow":["GET"]}}],"collection":[{"href":"https:\/\/www.laertes.es\/ca\/wp-json\/wp\/v2\/pages"}],"about":[{"href":"https:\/\/www.laertes.es\/ca\/wp-json\/wp\/v2\/types\/page"}],"author":[{"embeddable":true,"href":"https:\/\/www.laertes.es\/ca\/wp-json\/wp\/v2\/users\/1"}],"replies":[{"embeddable":true,"href":"https:\/\/www.laertes.es\/ca\/wp-json\/wp\/v2\/comments?post=12019"}],"version-history":[{"count":2,"href":"https:\/\/www.laertes.es\/ca\/wp-json\/wp\/v2\/pages\/12019\/revisions"}],"predecessor-version":[{"id":12030,"href":"https:\/\/www.laertes.es\/ca\/wp-json\/wp\/v2\/pages\/12019\/revisions\/12030"}],"wp:attachment":[{"href":"https:\/\/www.laertes.es\/ca\/wp-json\/wp\/v2\/media?parent=12019"}],"curies":[{"name":"wp","href":"https:\/\/api.w.org\/{rel}","templated":true}]}}

Política de devolucions

<p>Complint la normativa vigent, l&#8217;usuari té el dret de tornar qualsevol llibre en el termini de 7 dies a partir de la data de recepció. Els llibres tornats han d&#8217;estar en condicions normals (amb el seu embalatge original i sense fer servir) En un termini màxim de 30 dies de la recepció de la devolució, Editorial Laertes es compromet a reemborsar-los.</p>



<p>Abans de fer la devolució, haurà de comunicar-se amb nosaltres per mail (<a href="mailto:laertes@" target="_blank" rel="noreferrer noopener">laertes@</a>) o telèfon (93 6248911) perquè li indiquem la manera com ens pot enviar la comanda i el procediment a seguir.</p>



<p>Si la causa de la devolució és que el llibre està defectuós o no correspon al que ha demanat, Editorial Laertes correrà amb les despeses de la devolució i la nova tramesa. Si el motiu és que la comanda no us satisfà, us reemborsarem l&#8217;import però no les despeses d&#8217;enviament ni les despeses de devolució.</p>



<p>La devolució de l&#8217;import es realitzarà un cop arribi la comanda tornada a les nostres oficines i amb la mateixa forma de pagament que hagi utilitzat: o bé s&#8217;abonarà a la targeta de crèdit o bé al compte PayPal. Per a comandes per contrareemborsament es farà una transferència bancària al compte que no indiqui.</p>

<p>Complint la normativa vigent, l&#8217;usuari té el dret de tornar qualsevol llibre en el termini de 7 dies a partir</p>

<!-- This site is optimized with the Yoast SEO plugin v27.5 - https://yoast.com/product/yoast-seo-wordpress/ -->
<title>Política de devolucions | Laertes ediciones</title>
<meta name="robots" content="index, follow, max-snippet:-1, max-image-preview:large, max-video-preview:-1" />
<link rel="canonical" href="https://www.laertes.es/ca/politica-de-devolucions/" />
<meta property="og:locale" content="ca_ES" />
<meta property="og:type" content="article" />
<meta property="og:title" content="Política de devolucions | Laertes ediciones" />
<meta property="og:description" content="Complint la normativa vigent, l&#8217;usuari té el dret de tornar qualsevol llibre en el termini de 7 dies a partir" />
<meta property="og:url" content="https://www.laertes.es/ca/politica-de-devolucions/" />
<meta property="og:site_name" content="Laertes ediciones" />
<meta property="article:modified_time" content="2023-03-03T10:32:27+00:00" />
<meta property="og:image" content="https://www.laertes.es/wp-content/uploads/2021/08/logob.png" />
	<meta property="og:image:width" content="176" />
	<meta property="og:image:height" content="53" />
	<meta property="og:image:type" content="image/png" />
<meta name="twitter:label1" content="Temps estimat de lectura" />
	<meta name="twitter:data1" content="1 minut" />
<script type="application/ld+json" class="yoast-schema-graph">{"@context":"https:\/\/schema.org","@graph":[{"@type":"WebPage","@id":"https:\/\/www.laertes.es\/ca\/politica-de-devolucions\/","url":"https:\/\/www.laertes.es\/ca\/politica-de-devolucions\/","name":"Política de devolucions | Laertes ediciones","isPartOf":{"@id":"https:\/\/www.laertes.es\/ca\/#website"},"datePublished":"2023-03-03T10:20:43+00:00","dateModified":"2023-03-03T10:32:27+00:00","breadcrumb":{"@id":"https:\/\/www.laertes.es\/ca\/politica-de-devolucions\/#breadcrumb"},"inLanguage":"ca","potentialAction":[{"@type":"ReadAction","target":["https:\/\/www.laertes.es\/ca\/politica-de-devolucions\/"]}]},{"@type":"BreadcrumbList","@id":"https:\/\/www.laertes.es\/ca\/politica-de-devolucions\/#breadcrumb","itemListElement":[{"@type":"ListItem","position":1,"name":"Portada","item":"https:\/\/www.laertes.es\/ca\/"},{"@type":"ListItem","position":2,"name":"Política de devolucions"}]},{"@type":"WebSite","@id":"https:\/\/www.laertes.es\/ca\/#website","url":"https:\/\/www.laertes.es\/ca\/","name":"Laertes Ediciones","description":"Editorial independiente desde 1975","alternateName":"Laertes","potentialAction":[{"@type":"SearchAction","target":{"@type":"EntryPoint","urlTemplate":"https:\/\/www.laertes.es\/ca\/?s={search_term_string}"},"query-input":{"@type":"PropertyValueSpecification","valueRequired":true,"valueName":"search_term_string"}}],"inLanguage":"ca"}]}</script>
<!-- / Yoast SEO plugin. -->

Política de devolucions | Laertes ediciones

Complint la normativa vigent, l&#8217;usuari té el dret de tornar qualsevol llibre en el termini de 7 dies a partir
